Last updated on 2015-02-05 23:50:32.
Flavor | Version | Tinstall | Tcheck | Ttotal | Status | Flags |
---|---|---|---|---|---|---|
r-devel-linux-x86_64-debian-clang | 0.4-1 | 1.56 | 40.92 | 42.48 | OK | |
r-devel-linux-x86_64-debian-gcc | 0.4-1 | 1.40 | 40.05 | 41.45 | OK | |
r-devel-linux-x86_64-fedora-clang | 0.4-1 | 81.45 | OK | |||
r-devel-linux-x86_64-fedora-gcc | 0.4-1 | 78.40 | OK | |||
r-devel-osx-x86_64-clang | 0.4-1 | 105.30 | OK | |||
r-devel-windows-ix86+x86_64 | 0.4-1 | 11.00 | 102.00 | 113.00 | OK | |
r-patched-linux-x86_64 | 0.4-1 | 1.69 | 48.32 | 50.00 | OK | |
r-patched-solaris-sparc | 0.4-1 | 544.70 | OK | |||
r-patched-solaris-x86 | 0.4-1 | 118.50 | OK | |||
r-release-linux-ix86 | 0.4-1 | 2.25 | 61.88 | 64.12 | OK | |
r-release-linux-x86_64 | 0.4-1 | 1.60 | 44.96 | 46.56 | OK | |
r-release-osx-x86_64-mavericks | 0.4-1 | ERROR | ||||
r-release-osx-x86_64-snowleopard | 0.4-1 | OK | ||||
r-release-windows-ix86+x86_64 | 0.4-1 | 13.00 | 116.00 | 129.00 | OK | |
r-oldrel-windows-ix86+x86_64 | 0.4-1 | 12.00 | 127.00 | 139.00 | OK |
Version: 0.4-1
Check: package dependencies
Result: ERROR
Package required but not available: ‘fftw’
See the information on DESCRIPTION files in the chapter ‘Creating R
packages’ of the ‘Writing R Extensions’ manual.
Flavor: r-release-osx-x86_64-mavericks