Last updated on 2015-02-05 23:50:33.
Flavor | Version | Tinstall | Tcheck | Ttotal | Status | Flags |
---|---|---|---|---|---|---|
r-devel-linux-x86_64-debian-clang | 2.2.0 | 9.45 | 130.34 | 139.80 | OK | |
r-devel-linux-x86_64-debian-gcc | 2.2.0 | 8.22 | 128.09 | 136.30 | OK | |
r-devel-linux-x86_64-fedora-clang | 2.2.0 | 276.76 | OK | |||
r-devel-linux-x86_64-fedora-gcc | 2.2.0 | 257.35 | OK | |||
r-devel-osx-x86_64-clang | 2.2.0 | 259.10 | OK | |||
r-devel-windows-ix86+x86_64 | 2.2.0 | 43.00 | 195.00 | 238.00 | OK | |
r-patched-linux-x86_64 | 2.2.0 | 11.34 | 164.09 | 175.43 | OK | |
r-patched-solaris-sparc | 2.2.0 | 1918.40 | OK | --no-build-vignettes | ||
r-patched-solaris-x86 | 2.2.0 | 440.00 | OK | |||
r-release-linux-ix86 | 2.2.0 | 13.40 | 174.64 | 188.04 | OK | |
r-release-linux-x86_64 | 2.2.0 | 11.43 | 166.32 | 177.76 | OK | |
r-release-osx-x86_64-mavericks | 2.2.0 | OK | ||||
r-release-osx-x86_64-snowleopard | 2.2.0 | OK | ||||
r-release-windows-ix86+x86_64 | 2.2.0 | 54.00 | 249.00 | 303.00 | OK | |
r-oldrel-windows-ix86+x86_64 | 2.1.1 | 2.00 | 2.00 | 4.00 | ERROR |
Version: 2.1.1
Check: package dependencies
Result: ERROR
Package required but not available: 'dplyr'
Package required and available but unsuitable version: 'tm'
See the information on DESCRIPTION files in the chapter 'Creating R
packages' of the 'Writing R Extensions' manual.
Flavor: r-oldrel-windows-ix86+x86_64