CRAN Package Check Results for Package rEMM

Last updated on 2015-02-05 23:50:34.

Flavor Version Tinstall Tcheck Ttotal Status Flags
r-devel-linux-x86_64-debian-clang 1.0-8 1.84 34.21 36.05 NOTE
r-devel-linux-x86_64-debian-gcc 1.0-8 1.86 33.60 35.46 NOTE
r-devel-linux-x86_64-fedora-clang 1.0-8 71.37 NOTE
r-devel-linux-x86_64-fedora-gcc 1.0-8 39.19 NOTE
r-devel-osx-x86_64-clang 1.0-8 71.30 NOTE
r-devel-windows-ix86+x86_64 1.0-8 12.00 70.00 82.00 NOTE
r-patched-linux-x86_64 1.0-8 1.97 38.28 40.26 NOTE
r-patched-solaris-sparc 1.0-8 450.50 NOTE
r-patched-solaris-x86 1.0-8 106.60 NOTE
r-release-linux-ix86 1.0-8 2.50 50.29 52.80 NOTE
r-release-linux-x86_64 1.0-8 1.94 37.94 39.89 NOTE
r-release-osx-x86_64-mavericks 1.0-8 NOTE
r-release-osx-x86_64-snowleopard 1.0-8 NOTE
r-release-windows-ix86+x86_64 1.0-8 13.00 75.00 88.00 NOTE
r-oldrel-windows-ix86+x86_64 1.0-8 15.00 82.00 97.00 OK

Check Details

Version: 1.0-8
Check: dependencies in R code
Result: NOTE
    'library' or 'require' calls in package code:
     ‘Rgraphviz’ ‘graph’
     Please use :: or requireNamespace() instead.
     See section 'Suggested packages' in the 'Writing R Extensions' manual.
Flavors: r-devel-linux-x86_64-debian-clang, r-devel-linux-x86_64-debian-gcc, r-devel-linux-x86_64-fedora-clang, r-devel-linux-x86_64-fedora-gcc, r-devel-osx-x86_64-clang, r-devel-windows-ix86+x86_64

Version: 1.0-8
Check: S3 generic/method consistency
Result: NOTE
    Found the following apparent S3 methods exported but not registered:
     as.graph.TRACDS as.igraph.TRACDS
    See section ‘Registering S3 methods’ in the ‘Writing R Extensions’
    manual.
Flavors: r-devel-linux-x86_64-debian-clang, r-devel-linux-x86_64-debian-gcc, r-devel-linux-x86_64-fedora-clang, r-devel-linux-x86_64-fedora-gcc, r-devel-osx-x86_64-clang

Version: 1.0-8
Check: R code for possible problems
Result: NOTE
    plot,TRACDS-missing: no visible binding for global variable
     ‘layout.fruchterman.reingold’
Flavors: r-devel-linux-x86_64-debian-clang, r-devel-linux-x86_64-debian-gcc, r-devel-linux-x86_64-fedora-clang, r-devel-linux-x86_64-fedora-gcc, r-devel-osx-x86_64-clang, r-devel-windows-ix86+x86_64, r-patched-linux-x86_64, r-patched-solaris-sparc, r-patched-solaris-x86, r-release-linux-ix86, r-release-linux-x86_64, r-release-osx-x86_64-mavericks, r-release-windows-ix86+x86_64

Version: 1.0-8
Check: package dependencies
Result: NOTE
    Packages suggested but not available for checking: ‘graph’ ‘Rgraphviz’
Flavor: r-release-osx-x86_64-snowleopard