Last updated on 2015-02-05 23:50:34.
Flavor | Version | Tinstall | Tcheck | Ttotal | Status | Flags |
---|---|---|---|---|---|---|
r-devel-linux-x86_64-debian-clang | 1.0.12 | 0.55 | 9.57 | 10.12 | NOTE | |
r-devel-linux-x86_64-debian-gcc | 1.0.12 | 0.56 | 8.66 | 9.22 | NOTE | |
r-devel-linux-x86_64-fedora-clang | 1.0.12 | 17.78 | NOTE | |||
r-devel-linux-x86_64-fedora-gcc | 1.0.12 | 17.07 | NOTE | |||
r-devel-osx-x86_64-clang | 1.0.12 | 30.22 | NOTE | |||
r-devel-windows-ix86+x86_64 | 1.0.12 | 3.00 | 24.00 | 27.00 | NOTE | |
r-patched-linux-x86_64 | 1.0.12 | 0.59 | 9.68 | 10.28 | NOTE | |
r-patched-solaris-sparc | 1.0.12 | 113.60 | NOTE | |||
r-patched-solaris-x86 | 1.0.12 | 31.50 | NOTE | |||
r-release-linux-ix86 | 1.0.12 | 0.86 | 15.81 | 16.67 | NOTE | |
r-release-linux-x86_64 | 1.0.12 | 0.63 | 9.74 | 10.37 | NOTE | |
r-release-osx-x86_64-mavericks | 1.0.12 | NOTE | ||||
r-release-osx-x86_64-snowleopard | 1.0.12 | OK | ||||
r-release-windows-ix86+x86_64 | 1.0.12 | 2.00 | 23.00 | 25.00 | NOTE | |
r-oldrel-windows-ix86+x86_64 | 1.0.12 | 3.00 | 24.00 | 27.00 | NOTE |
Version: 1.0.12
Check: dependencies in R code
Result: NOTE
Package in Depends field not imported from: ‘gsl’
These packages need to be imported from (in the NAMESPACE file)
for when this namespace is loaded but not attached.
Flavors: r-devel-linux-x86_64-debian-clang, r-devel-linux-x86_64-debian-gcc, r-devel-linux-x86_64-fedora-clang, r-devel-linux-x86_64-fedora-gcc, r-devel-osx-x86_64-clang, r-devel-windows-ix86+x86_64
Version: 1.0.12
Check: R code for possible problems
Result: NOTE
gammaIntegral : <anonymous>: no visible global function definition for
‘hyperg_1F1’
Flavors: r-devel-linux-x86_64-debian-clang, r-devel-linux-x86_64-debian-gcc, r-devel-linux-x86_64-fedora-clang, r-devel-linux-x86_64-fedora-gcc, r-devel-osx-x86_64-clang, r-devel-windows-ix86+x86_64, r-patched-linux-x86_64, r-patched-solaris-sparc, r-patched-solaris-x86, r-release-linux-ix86, r-release-linux-x86_64, r-release-osx-x86_64-mavericks, r-release-windows-ix86+x86_64
Version: 1.0.12
Check: dependencies in R code
Result: NOTE
Package in Depends field not imported from: ‘gsl’
These packages need to be imported from (in the NAMESPACE file)
for when this namespace is loaded but not attached.
See the information on DESCRIPTION files in the chapter ‘Creating R
packages’ of the ‘Writing R Extensions’ manual.
Flavors: r-patched-linux-x86_64, r-patched-solaris-sparc, r-patched-solaris-x86, r-release-linux-ix86, r-release-linux-x86_64, r-release-osx-x86_64-mavericks, r-release-windows-ix86+x86_64, r-oldrel-windows-ix86+x86_64