CRAN Package Check Results for Package rHealthDataGov

Last updated on 2015-02-05 23:50:34.

Flavor Version Tinstall Tcheck Ttotal Status Flags
r-devel-linux-x86_64-debian-clang 1.0.1 1.27 12.33 13.60 NOTE
r-devel-linux-x86_64-debian-gcc 1.0.1 1.24 12.27 13.51 NOTE
r-devel-linux-x86_64-fedora-clang 1.0.1 26.45 NOTE
r-devel-linux-x86_64-fedora-gcc 1.0.1 25.31 NOTE
r-devel-osx-x86_64-clang 1.0.1 36.61 NOTE
r-devel-windows-ix86+x86_64 1.0.1 6.00 22.00 28.00 NOTE
r-patched-linux-x86_64 1.0.1 1.51 15.14 16.64 NOTE
r-patched-solaris-sparc 1.0.1 186.70 NOTE
r-patched-solaris-x86 1.0.1 47.10 NOTE
r-release-linux-ix86 1.0.1 2.30 21.64 23.94 NOTE
r-release-linux-x86_64 1.0.1 1.48 15.16 16.65 NOTE
r-release-osx-x86_64-mavericks 1.0.1 NOTE
r-release-osx-x86_64-snowleopard 1.0.1 OK
r-release-windows-ix86+x86_64 1.0.1 8.00 27.00 35.00 NOTE
r-oldrel-windows-ix86+x86_64 1.0.1 6.00 30.00 36.00 OK

Check Details

Version: 1.0.1
Check: R code for possible problems
Result: NOTE
    .quick_fetch: no visible global function definition for ‘POST’
    .quick_fetch: no visible global function definition for ‘add_headers’
    .quick_fetch: no visible global function definition for
     ‘stop_for_status’
    .quick_fetch: no visible global function definition for ‘content’
    fetch_healthdata: no visible binding for global variable ‘resources’
    fetch_healthdata : <anonymous>: no visible binding for global variable
     ‘filters’
Flavors: r-devel-linux-x86_64-debian-clang, r-devel-linux-x86_64-debian-gcc, r-devel-linux-x86_64-fedora-clang, r-devel-linux-x86_64-fedora-gcc, r-devel-osx-x86_64-clang, r-devel-windows-ix86+x86_64, r-patched-linux-x86_64, r-patched-solaris-sparc, r-patched-solaris-x86, r-release-linux-ix86, r-release-linux-x86_64, r-release-osx-x86_64-mavericks, r-release-windows-ix86+x86_64