Last updated on 2015-02-05 23:50:33.
Flavor | Version | Tinstall | Tcheck | Ttotal | Status | Flags |
---|---|---|---|---|---|---|
r-devel-linux-x86_64-debian-clang | 3.2 | 1.30 | 58.36 | 59.66 | OK | |
r-devel-linux-x86_64-debian-gcc | 3.2 | 1.22 | 58.98 | 60.20 | OK | |
r-devel-linux-x86_64-fedora-clang | 3.2 | 111.30 | OK | |||
r-devel-linux-x86_64-fedora-gcc | 3.2 | 107.21 | OK | |||
r-devel-osx-x86_64-clang | 3.2 | 97.46 | OK | |||
r-devel-windows-ix86+x86_64 | 3.2 | 8.00 | 92.00 | 100.00 | OK | |
r-patched-linux-x86_64 | 3.2 | 1.80 | 66.41 | 68.21 | OK | |
r-patched-solaris-sparc | 3.2 | 1059.70 | OK | |||
r-patched-solaris-x86 | 3.2 | 239.00 | OK | |||
r-release-linux-ix86 | 3.2 | 2.38 | 85.44 | 87.82 | OK | |
r-release-linux-x86_64 | 3.2 | 1.68 | 67.60 | 69.27 | OK | |
r-release-osx-x86_64-mavericks | 3.2 | OK | ||||
r-release-osx-x86_64-snowleopard | 3.2 | ERROR | ||||
r-release-windows-ix86+x86_64 | 3.2 | 12.00 | 108.00 | 120.00 | OK | |
r-oldrel-windows-ix86+x86_64 | 3.2 | 8.00 | 109.00 | 117.00 | OK |
Version: 3.2
Check: whether package can be installed
Result: ERROR
Installation failed.
Flavor: r-release-osx-x86_64-snowleopard