CRAN Package Check Results for Package raster

Last updated on 2015-02-05 23:50:33.

Flavor Version Tinstall Tcheck Ttotal Status Flags
r-devel-linux-x86_64-debian-clang 2.3-24 26.54 117.15 143.69 OK
r-devel-linux-x86_64-debian-gcc 2.3-24 26.52 113.50 140.02 OK
r-devel-linux-x86_64-fedora-clang 2.3-24 284.88 OK
r-devel-linux-x86_64-fedora-gcc 2.3-24 263.09 OK
r-devel-osx-x86_64-clang 2.3-24 266.54 OK
r-devel-windows-ix86+x86_64 2.3-24 92.00 192.00 284.00 NOTE
r-patched-linux-x86_64 2.3-24 31.90 128.96 160.86 OK
r-patched-solaris-sparc 2.3-24 1670.50 OK
r-patched-solaris-x86 2.3-24 379.00 OK
r-release-linux-ix86 2.3-24 35.74 153.92 189.66 OK
r-release-linux-x86_64 2.3-24 34.15 129.42 163.58 OK
r-release-osx-x86_64-mavericks 2.3-24 NOTE
r-release-osx-x86_64-snowleopard 2.3-24 OK
r-release-windows-ix86+x86_64 2.3-24 108.00 223.00 331.00 NOTE
r-oldrel-windows-ix86+x86_64 2.3-24 97.00 234.00 331.00 NOTE

Check Details

Version: 2.3-24
Check: package dependencies
Result: NOTE
    Package suggested but not available for checking: 'ncdf4'
Flavors: r-devel-windows-ix86+x86_64, r-release-windows-ix86+x86_64, r-oldrel-windows-ix86+x86_64

Version: 2.3-24
Check: package dependencies
Result: NOTE
    Packages suggested but not available for checking: ‘rgdal’ ‘rgeos’
Flavor: r-release-osx-x86_64-mavericks

Version: 2.3-24
Check: Rd cross-references
Result: NOTE
    Package unavailable to check Rd xrefs: ‘rgdal’
Flavor: r-release-osx-x86_64-mavericks