Last updated on 2015-02-05 23:50:33.
Flavor | Version | Tinstall | Tcheck | Ttotal | Status | Flags |
---|---|---|---|---|---|---|
r-devel-linux-x86_64-debian-clang | 0.1-0 | 0.60 | 9.86 | 10.46 | NOTE | |
r-devel-linux-x86_64-debian-gcc | 0.1-0 | 0.59 | 9.98 | 10.57 | NOTE | |
r-devel-linux-x86_64-fedora-clang | 0.1-0 | 20.03 | NOTE | |||
r-devel-linux-x86_64-fedora-gcc | 0.1-0 | 18.80 | NOTE | |||
r-devel-osx-x86_64-clang | 0.1-0 | 29.05 | NOTE | |||
r-devel-windows-ix86+x86_64 | 0.1-0 | 4.00 | 26.00 | 30.00 | NOTE | |
r-patched-linux-x86_64 | 0.1-0 | 0.65 | 10.88 | 11.53 | NOTE | |
r-patched-solaris-sparc | 0.1-0 | 126.30 | NOTE | |||
r-patched-solaris-x86 | 0.1-0 | 33.50 | NOTE | |||
r-release-linux-ix86 | 0.1-0 | 0.89 | 16.60 | 17.50 | NOTE | |
r-release-linux-x86_64 | 0.1-0 | 0.64 | 11.06 | 11.70 | NOTE | |
r-release-osx-x86_64-mavericks | 0.1-0 | NOTE | ||||
r-release-osx-x86_64-snowleopard | 0.1-0 | OK | ||||
r-release-windows-ix86+x86_64 | 0.1-0 | 3.00 | 25.00 | 28.00 | NOTE | |
r-oldrel-windows-ix86+x86_64 | 0.1-0 | 3.00 | 19.00 | 22.00 | OK |
Version: 0.1-0
Check: R code for possible problems
Result: NOTE
.GCD: no visible global function definition for ‘as.polynomial’
.LCM: no visible global function definition for ‘as.polynomial’
rationalfun: no visible global function definition for ‘polynomial’
rationalfun.poly: no visible global function definition for
‘polynomial’
rationalfun.poly: no visible global function definition for
‘is.polynomial’
rfun: no visible global function definition for ‘polynomial’
rfun.poly: no visible global function definition for ‘polynomial’
rfun.poly: no visible global function definition for ‘is.polynomial’
simplify: no visible global function definition for ‘polynomial’
Flavors: r-devel-linux-x86_64-debian-clang, r-devel-linux-x86_64-debian-gcc, r-devel-linux-x86_64-fedora-clang, r-devel-linux-x86_64-fedora-gcc, r-devel-osx-x86_64-clang, r-devel-windows-ix86+x86_64, r-patched-linux-x86_64, r-patched-solaris-sparc, r-patched-solaris-x86, r-release-linux-ix86, r-release-linux-x86_64, r-release-osx-x86_64-mavericks, r-release-windows-ix86+x86_64