CRAN Package Check Results for Package rms

Last updated on 2015-02-05 23:50:35.

Flavor Version Tinstall Tcheck Ttotal Status Flags
r-devel-linux-x86_64-debian-clang 4.2-1 4.78 92.16 96.94 NOTE
r-devel-linux-x86_64-debian-gcc 4.2-1 4.35 98.57 102.92 NOTE
r-devel-linux-x86_64-fedora-clang 4.2-1 187.83 NOTE
r-devel-linux-x86_64-fedora-gcc 4.2-1 187.11 NOTE
r-devel-osx-x86_64-clang 4.2-1 166.79 NOTE
r-devel-windows-ix86+x86_64 4.2-1 20.00 171.00 191.00 NOTE
r-patched-linux-x86_64 4.2-1 5.37 107.38 112.75 NOTE
r-patched-solaris-sparc 4.2-1 1204.00 NOTE
r-patched-solaris-x86 4.2-1 253.80 NOTE
r-release-linux-ix86 4.2-1 6.22 124.66 130.88 NOTE
r-release-linux-x86_64 4.2-1 6.01 107.47 113.48 NOTE
r-release-osx-x86_64-mavericks 4.2-1 NOTE
r-release-osx-x86_64-snowleopard 4.2-1 NOTE
r-release-windows-ix86+x86_64 4.2-1 28.00 199.00 227.00 NOTE
r-oldrel-windows-ix86+x86_64 4.2-1 19.00 204.00 223.00 NOTE

Check Details

Version: 4.2-1
Check: dependencies in R code
Result: NOTE
    'library' or 'require' calls in package code:
     ‘boot’ ‘tcltk’
     Please use :: or requireNamespace() instead.
     See section 'Suggested packages' in the 'Writing R Extensions' manual.
Flavors: r-devel-linux-x86_64-debian-clang, r-devel-linux-x86_64-debian-gcc, r-devel-linux-x86_64-fedora-clang, r-devel-linux-x86_64-fedora-gcc, r-devel-osx-x86_64-clang, r-devel-windows-ix86+x86_64

Version: 4.2-1
Check: S3 generic/method consistency
Result: NOTE
    Found the following apparent S3 methods exported but not registered:
     plot.xmean.ordinaly
    See section ‘Registering S3 methods’ in the ‘Writing R Extensions’
    manual.
Flavors: r-devel-linux-x86_64-debian-clang, r-devel-linux-x86_64-debian-gcc, r-devel-linux-x86_64-fedora-clang, r-devel-linux-x86_64-fedora-gcc, r-devel-osx-x86_64-clang

Version: 4.2-1
Check: R code for possible problems
Result: NOTE
    Mean.cph: multiple local function definitions for ‘f’ with different
     formal arguments
    pantext: multiple local function definitions for ‘z’ with different
     formal arguments
    plot.Predict: multiple local function definitions for ‘pan’ with
     different formal arguments
    plot.Predict: multiple local function definitions for ‘tanova’ with
     different formal arguments
    setPb: multiple local function definitions for ‘upb’ with different
     formal arguments
Flavors: r-devel-linux-x86_64-debian-clang, r-devel-linux-x86_64-debian-gcc, r-devel-linux-x86_64-fedora-clang, r-devel-linux-x86_64-fedora-gcc, r-devel-osx-x86_64-clang, r-devel-windows-ix86+x86_64, r-patched-linux-x86_64, r-patched-solaris-sparc, r-patched-solaris-x86, r-release-linux-ix86, r-release-linux-x86_64, r-release-osx-x86_64-mavericks, r-release-osx-x86_64-snowleopard, r-release-windows-ix86+x86_64, r-oldrel-windows-ix86+x86_64