Last updated on 2015-02-05 23:50:35.
Flavor | Version | Tinstall | Tcheck | Ttotal | Status | Flags |
---|---|---|---|---|---|---|
r-devel-linux-x86_64-debian-clang | 0.1.5 | 2.55 | 30.28 | 32.82 | OK | |
r-devel-linux-x86_64-debian-gcc | 0.1.5 | 1.82 | 28.48 | 30.30 | OK | |
r-devel-linux-x86_64-fedora-clang | 0.1.5 | 62.23 | OK | |||
r-devel-linux-x86_64-fedora-gcc | 0.1.5 | 59.61 | OK | |||
r-devel-osx-x86_64-clang | 0.1.5 | 60.40 | OK | |||
r-devel-windows-ix86+x86_64 | 0.1.5 | 7.00 | 42.00 | 49.00 | OK | |
r-patched-linux-x86_64 | 0.1.5 | 2.70 | 38.36 | 41.06 | OK | |
r-patched-solaris-sparc | 0.1.5 | 463.40 | OK | |||
r-patched-solaris-x86 | 0.1.5 | 119.50 | OK | |||
r-release-linux-ix86 | 0.1.5 | 3.14 | 48.15 | 51.29 | OK | |
r-release-linux-x86_64 | 0.1.5 | 2.66 | 37.37 | 40.03 | OK | |
r-release-osx-x86_64-mavericks | 0.1.5 | ERROR | ||||
r-release-osx-x86_64-snowleopard | 0.1.5 | OK | ||||
r-release-windows-ix86+x86_64 | 0.1.5 | 13.00 | 62.00 | 75.00 | OK | |
r-oldrel-windows-ix86+x86_64 | 0.1.5 | 13.00 | 64.00 | 77.00 | OK |
Version: 0.1.5
Check: package dependencies
Result: ERROR
Package required but not available: ‘rgdal’
See the information on DESCRIPTION files in the chapter ‘Creating R
packages’ of the ‘Writing R Extensions’ manual.
Flavor: r-release-osx-x86_64-mavericks