Last updated on 2015-02-05 23:50:36.
Flavor | Version | Tinstall | Tcheck | Ttotal | Status | Flags |
---|---|---|---|---|---|---|
r-devel-linux-x86_64-debian-clang | 1.2.1-0 | 5.76 | 62.71 | 68.46 | NOTE | |
r-devel-linux-x86_64-debian-gcc | 1.2.1-0 | 5.75 | 63.43 | 69.18 | NOTE | |
r-devel-linux-x86_64-fedora-clang | 1.2.1-0 | 128.22 | NOTE | |||
r-devel-linux-x86_64-fedora-gcc | 1.2.1-0 | 117.69 | NOTE | |||
r-devel-osx-x86_64-clang | 1.2.1-0 | 131.56 | NOTE | |||
r-devel-windows-ix86+x86_64 | 1.2.1-0 | 35.00 | 178.00 | 213.00 | NOTE | |
r-patched-linux-x86_64 | 1.2.1-0 | 5.99 | 65.86 | 71.85 | OK | |
r-patched-solaris-sparc | 1.2.1-0 | 864.60 | OK | |||
r-patched-solaris-x86 | 1.2.1-0 | 217.70 | OK | |||
r-release-linux-ix86 | 1.2.1-0 | 8.64 | 85.44 | 94.08 | OK | |
r-release-linux-x86_64 | 1.2.1-0 | 5.75 | 68.94 | 74.69 | OK | |
r-release-osx-x86_64-mavericks | 1.2.1-0 | OK | ||||
r-release-osx-x86_64-snowleopard | 1.2.1-0 | OK | ||||
r-release-windows-ix86+x86_64 | 1.2.1-0 | 30.00 | 213.00 | 243.00 | OK | |
r-oldrel-windows-ix86+x86_64 | 1.2.1-0 | 34.00 | 214.00 | 248.00 | OK |
Version: 1.2.1-0
Check: dependencies in R code
Result: NOTE
'library' or 'require' call to ‘rjags’ in package code.
Please use :: or requireNamespace() instead.
See section 'Suggested packages' in the 'Writing R Extensions' manual.
Flavors: r-devel-linux-x86_64-debian-clang, r-devel-linux-x86_64-debian-gcc, r-devel-linux-x86_64-fedora-clang, r-devel-linux-x86_64-fedora-gcc, r-devel-osx-x86_64-clang, r-devel-windows-ix86+x86_64