Last updated on 2015-02-05 23:50:36.
Flavor | Version | Tinstall | Tcheck | Ttotal | Status | Flags |
---|---|---|---|---|---|---|
r-devel-linux-x86_64-debian-clang | 2.6 | 1.42 | 29.57 | 30.99 | OK | |
r-devel-linux-x86_64-debian-gcc | 2.6 | 1.42 | 29.36 | 30.78 | OK | |
r-devel-linux-x86_64-fedora-clang | 2.6 | 58.71 | OK | |||
r-devel-linux-x86_64-fedora-gcc | 2.6 | 56.21 | OK | |||
r-devel-osx-x86_64-clang | 2.6 | 60.85 | OK | |||
r-devel-windows-ix86+x86_64 | 2.6 | 9.00 | 57.00 | 66.00 | OK | |
r-patched-linux-x86_64 | 2.6 | 1.45 | 32.01 | 33.46 | OK | |
r-patched-solaris-sparc | 2.6 | 388.90 | OK | |||
r-patched-solaris-x86 | 2.6 | 79.00 | OK | |||
r-release-linux-ix86 | 2.6 | 1.96 | 42.51 | 44.47 | OK | |
r-release-linux-x86_64 | 2.6 | 1.43 | 32.03 | 33.46 | OK | |
r-release-osx-x86_64-mavericks | 2.6 | OK | ||||
r-release-osx-x86_64-snowleopard | 2.6 | WARN | ||||
r-release-windows-ix86+x86_64 | 2.6 | 11.00 | 68.00 | 79.00 | OK | |
r-oldrel-windows-ix86+x86_64 | 2.6 | 12.00 | 104.00 | 116.00 | OK |
Version: 2.6
Check: examples
Result: WARN
checking a package with encoding 'latin1' in an ASCII locale
OK
Flavor: r-release-osx-x86_64-snowleopard