Last updated on 2015-02-05 23:50:36.
Flavor | Version | Tinstall | Tcheck | Ttotal | Status | Flags |
---|---|---|---|---|---|---|
r-devel-linux-x86_64-debian-clang | 0.2-0 | 0.60 | 9.82 | 10.42 | NOTE | |
r-devel-linux-x86_64-debian-gcc | 0.2-0 | 0.62 | 9.77 | 10.38 | NOTE | |
r-devel-linux-x86_64-fedora-clang | 0.2-0 | 20.55 | NOTE | |||
r-devel-linux-x86_64-fedora-gcc | 0.2-0 | 19.95 | NOTE | |||
r-devel-osx-x86_64-clang | 0.2-0 | 23.09 | NOTE | |||
r-devel-windows-ix86+x86_64 | 0.2-0 | 4.00 | 17.00 | 21.00 | OK | |
r-patched-linux-x86_64 | 0.2-0 | 0.70 | 11.50 | 12.20 | OK | |
r-patched-solaris-sparc | 0.2-0 | 167.50 | OK | |||
r-patched-solaris-x86 | 0.2-0 | 36.80 | OK | |||
r-release-linux-ix86 | 0.2-0 | 0.96 | 17.60 | 18.56 | OK | |
r-release-linux-x86_64 | 0.2-0 | 0.68 | 12.01 | 12.69 | OK | |
r-release-osx-x86_64-mavericks | 0.2-0 | OK | ||||
r-release-osx-x86_64-snowleopard | 0.2-0 | OK | ||||
r-release-windows-ix86+x86_64 | 0.2-0 | 5.00 | 22.00 | 27.00 | OK | |
r-oldrel-windows-ix86+x86_64 | 0.2-0 | 4.00 | 22.00 | 26.00 | OK |
Version: 0.2-0
Check: S3 generic/method consistency
Result: NOTE
Found the following apparent S3 methods exported but not registered:
chisqNull.objectiveML print.summaryGOF
See section ‘Registering S3 methods’ in the ‘Writing R Extensions’
manual.
Flavors: r-devel-linux-x86_64-debian-clang, r-devel-linux-x86_64-debian-gcc, r-devel-linux-x86_64-fedora-clang, r-devel-linux-x86_64-fedora-gcc, r-devel-osx-x86_64-clang