CRAN Package Check Results for Package simplexreg

Last updated on 2015-02-05 23:50:37.

Flavor Version Tinstall Tcheck Ttotal Status Flags
r-devel-linux-x86_64-debian-clang 1.0 1.35 18.22 19.57 NOTE
r-devel-linux-x86_64-debian-gcc 1.0 1.23 18.48 19.70 NOTE
r-devel-linux-x86_64-fedora-clang 1.0 39.38 NOTE
r-devel-linux-x86_64-fedora-gcc 1.0 37.78 NOTE
r-devel-osx-x86_64-clang 1.0 38.06 NOTE
r-devel-windows-ix86+x86_64 1.0 9.00 44.00 53.00 NOTE
r-patched-linux-x86_64 1.0 1.38 19.98 21.36 NOTE
r-patched-solaris-sparc 1.0 285.20 OK
r-patched-solaris-x86 1.0 54.40 NOTE
r-release-linux-ix86 1.0 1.90 27.69 29.59 OK
r-release-linux-x86_64 1.0 1.49 19.92 21.41 OK
r-release-osx-x86_64-mavericks 1.0 NOTE
r-release-osx-x86_64-snowleopard 1.0 OK
r-release-windows-ix86+x86_64 1.0 8.00 49.00 57.00 OK
r-oldrel-windows-ix86+x86_64 1.0 8.00 53.00 61.00 OK

Check Details

Version: 1.0
Check: S3 generic/method consistency
Result: NOTE
    Found the following apparent S3 methods exported but not registered:
     print.summary.simplexreg
    See section ‘Registering S3 methods’ in the ‘Writing R Extensions’
    manual.
Flavors: r-devel-linux-x86_64-debian-clang, r-devel-linux-x86_64-debian-gcc, r-devel-linux-x86_64-fedora-clang, r-devel-linux-x86_64-fedora-gcc, r-devel-osx-x86_64-clang

Version: 1.0
Check: line endings in Makefiles
Result: NOTE
    Found the following Makefile(s) without a final LF:
     src/Makevars
    Some ‘make’ programs ignore lines not ending in LF.
Flavors: r-devel-linux-x86_64-debian-clang, r-devel-linux-x86_64-debian-gcc, r-devel-linux-x86_64-fedora-clang, r-devel-linux-x86_64-fedora-gcc, r-devel-osx-x86_64-clang, r-devel-windows-ix86+x86_64, r-patched-linux-x86_64, r-patched-solaris-x86, r-release-osx-x86_64-mavericks