Last updated on 2015-02-05 23:50:37.
Flavor | Version | Tinstall | Tcheck | Ttotal | Status | Flags |
---|---|---|---|---|---|---|
r-devel-linux-x86_64-debian-clang | 1.3-0 | 0.68 | 22.66 | 23.34 | NOTE | |
r-devel-linux-x86_64-debian-gcc | 1.3-0 | 0.60 | 22.18 | 22.78 | NOTE | |
r-devel-linux-x86_64-fedora-clang | 1.3-0 | 27.28 | NOTE | |||
r-devel-linux-x86_64-fedora-gcc | 1.3-0 | 27.35 | NOTE | |||
r-devel-osx-x86_64-clang | 1.3-0 | 43.62 | NOTE | |||
r-devel-windows-ix86+x86_64 | 1.3-0 | 4.00 | 32.00 | 36.00 | NOTE | |
r-patched-linux-x86_64 | 1.3-0 | 0.67 | 23.38 | 24.04 | NOTE | |
r-patched-solaris-sparc | 1.3-0 | 259.60 | NOTE | |||
r-patched-solaris-x86 | 1.3-0 | 71.00 | NOTE | |||
r-release-linux-ix86 | 1.3-0 | 0.96 | 28.58 | 29.54 | NOTE | |
r-release-linux-x86_64 | 1.3-0 | 0.65 | 24.29 | 24.94 | NOTE | |
r-release-osx-x86_64-mavericks | 1.3-0 | NOTE | ||||
r-release-windows-ix86+x86_64 | 1.3-0 | 3.00 | 42.00 | 45.00 | NOTE | |
r-oldrel-windows-ix86+x86_64 | 1.3-0 | 3.00 | 32.00 | 35.00 | OK |
Version: 1.3-0
Check: dependencies in R code
Result: NOTE
'library' or 'require' calls in package code:
‘rlecuyer’ ‘rsprng’
Please use :: or requireNamespace() instead.
See section 'Suggested packages' in the 'Writing R Extensions' manual.
Flavors: r-devel-linux-x86_64-debian-clang, r-devel-linux-x86_64-debian-gcc, r-devel-linux-x86_64-fedora-clang, r-devel-linux-x86_64-fedora-gcc, r-devel-osx-x86_64-clang, r-devel-windows-ix86+x86_64
Version: 1.3-0
Check: R code for possible problems
Result: NOTE
clusterSetupRNGstreamRepli: no visible global function definition for
‘.lec.init’
clusterSetupRNGstreamRepli: no visible global function definition for
‘.lec.SetPackageSeed’
freeStream: no visible global function definition for
‘.lec.CurrentStreamEnd’
freeStream: no visible global function definition for ‘free.sprng’
initRNGstreamNodeRepli: no visible global function definition for
‘.lec.init’
initRNGstreamNodeRepli: no visible global function definition for
‘.lec.SetPackageSeed’
initRNGstreamNodeRepli: no visible global function definition for
‘.lec.CreateStream’
initStream: no visible global function definition for
‘.lec.CurrentStream’
Flavors: r-devel-linux-x86_64-debian-clang, r-devel-linux-x86_64-debian-gcc, r-devel-linux-x86_64-fedora-clang, r-devel-linux-x86_64-fedora-gcc, r-devel-osx-x86_64-clang, r-devel-windows-ix86+x86_64, r-patched-linux-x86_64, r-patched-solaris-sparc, r-patched-solaris-x86, r-release-linux-ix86, r-release-linux-x86_64, r-release-osx-x86_64-mavericks, r-release-windows-ix86+x86_64
Version: 1.3-0
Check: package dependencies
Result: NOTE
Packages suggested but not available for checking: ‘Rmpi’ ‘rsprng’
Flavor: r-release-osx-x86_64-mavericks