Last updated on 2015-02-05 23:50:37.
Flavor | Version | Tinstall | Tcheck | Ttotal | Status | Flags |
---|---|---|---|---|---|---|
r-devel-linux-x86_64-debian-clang | 1.0.2 | 64.53 | 14.84 | 79.37 | NOTE | |
r-devel-linux-x86_64-debian-gcc | 1.0.2 | 75.97 | 14.31 | 90.28 | NOTE | |
r-devel-linux-x86_64-fedora-clang | 1.0.2 | 179.85 | NOTE | |||
r-devel-linux-x86_64-fedora-gcc | 1.0.2 | 185.15 | NOTE | |||
r-devel-osx-x86_64-clang | 1.0.2 | 107.25 | NOTE | |||
r-devel-windows-ix86+x86_64 | 1.0.2 | 272.00 | 38.00 | 310.00 | OK | |
r-patched-linux-x86_64 | 1.0.2 | 76.13 | 16.36 | 92.49 | NOTE | |
r-patched-solaris-sparc | 1.0.2 | 1187.30 | NOTE | |||
r-patched-solaris-x86 | 1.0.2 | 231.00 | NOTE | |||
r-release-linux-ix86 | 1.0.2 | 94.04 | 23.81 | 117.85 | NOTE | |
r-release-linux-x86_64 | 1.0.2 | 77.36 | 16.36 | 93.72 | NOTE | |
r-release-osx-x86_64-mavericks | 1.0.2 | NOTE | ||||
r-release-osx-x86_64-snowleopard | 1.0.2 | ERROR | ||||
r-release-windows-ix86+x86_64 | 1.0.2 | 275.00 | 61.00 | 336.00 | OK | |
r-oldrel-windows-ix86+x86_64 | 1.0.2 | 206.00 | 46.00 | 252.00 | OK |
Version: 1.0.2
Check: installed package size
Result: NOTE
installed size is 11.4Mb
sub-directories of 1Mb or more:
libs 11.2Mb
Flavors: r-devel-linux-x86_64-debian-clang, r-devel-linux-x86_64-debian-gcc, r-devel-linux-x86_64-fedora-clang, r-devel-linux-x86_64-fedora-gcc, r-patched-linux-x86_64, r-patched-solaris-sparc, r-patched-solaris-x86, r-release-linux-ix86, r-release-linux-x86_64, r-release-osx-x86_64-mavericks
Version: 1.0.2
Check: S3 generic/method consistency
Result: NOTE
Found the following apparent S3 methods exported but not registered:
anovaDDP.default frailtyGAFT.default indeptCoxph.default
print.frailtyGAFT print.summaryfrailtyGAFT spCopulaCoxph.default
spCopulaDDP.default summary.frailtyGAFT
See section ‘Registering S3 methods’ in the ‘Writing R Extensions’
manual.
Flavors: r-devel-linux-x86_64-debian-clang, r-devel-linux-x86_64-fedora-clang, r-devel-linux-x86_64-fedora-gcc, r-devel-osx-x86_64-clang
Version: 1.0.2
Check: S3 generic/method consistency
Result: NOTE
Found the following apparent S3 methods exported but not registered:
anovaDDP.default frailtyGAFT.default indeptCoxph.default
spCopulaCoxph.default spCopulaDDP.default print.frailtyGAFT
print.summaryfrailtyGAFT summary.frailtyGAFT
See section ‘Registering S3 methods’ in the ‘Writing R Extensions’
manual.
Flavor: r-devel-linux-x86_64-debian-gcc
Version: 1.0.2
Check: whether package can be installed
Result: ERROR
Installation failed.
Flavor: r-release-osx-x86_64-snowleopard