Last updated on 2015-02-05 23:50:37.
Flavor | Version | Tinstall | Tcheck | Ttotal | Status | Flags |
---|---|---|---|---|---|---|
r-devel-linux-x86_64-debian-clang | 1.4.8 | 3.11 | 48.86 | 51.97 | NOTE | |
r-devel-linux-x86_64-debian-gcc | 1.4.8 | 3.28 | 49.91 | 53.18 | NOTE | |
r-devel-linux-x86_64-fedora-clang | 1.4.8 | 98.04 | NOTE | |||
r-devel-linux-x86_64-fedora-gcc | 1.4.8 | 93.51 | NOTE | |||
r-devel-osx-x86_64-clang | 1.4.8 | 91.44 | NOTE | |||
r-devel-windows-ix86+x86_64 | 1.4.8 | 12.00 | 66.00 | 78.00 | NOTE | |
r-patched-linux-x86_64 | 1.4.8 | 3.99 | 57.09 | 61.08 | NOTE | |
r-patched-solaris-sparc | 1.4.8 | 755.10 | NOTE | |||
r-patched-solaris-x86 | 1.4.8 | 194.40 | NOTE | |||
r-release-linux-ix86 | 1.4.8 | 4.66 | 68.96 | 73.62 | NOTE | |
r-release-linux-x86_64 | 1.4.8 | 4.00 | 59.40 | 63.40 | NOTE | |
r-release-osx-x86_64-mavericks | 1.4.8 | ERROR | ||||
r-release-osx-x86_64-snowleopard | 1.4.8 | OK | ||||
r-release-windows-ix86+x86_64 | 1.4.8 | 19.00 | 84.00 | 103.00 | NOTE | |
r-oldrel-windows-ix86+x86_64 | 1.4.8 | 14.00 | 91.00 | 105.00 | OK |
Version: 1.4.8
Check: R code for possible problems
Result: NOTE
bbox_to_SpatialPolygons: no visible global function definition for
‘CRS’
bbox_to_SpatialPolygons: no visible global function definition for
‘Polygon’
bbox_to_SpatialPolygons: no visible global function definition for
‘Polygons’
bbox_to_SpatialPolygons: no visible global function definition for
‘SpatialPolygons’
list.raster.files: no visible global function definition for ‘CRS’
list.raster.files: no visible global function definition for
‘spTransform’
list.raster.files: no visible global function definition for
‘SpatialPolygonsDataFrame’
list.raster.files: no visible global function definition for ‘spChFIDs’
projectRaster_rigorous : chunk_function: no visible global function
definition for ‘spTransform’
projectRaster_rigorous : chunk_function: no visible global function
definition for ‘CRS’
spatial_sync_raster: no visible global function definition for ‘bbox’
spatial_sync_vector: no visible global function definition for
‘spTransform’
spatial_sync_vector: no visible global function definition for ‘CRS’
Flavors: r-devel-linux-x86_64-debian-clang, r-devel-linux-x86_64-debian-gcc, r-devel-linux-x86_64-fedora-clang, r-devel-linux-x86_64-fedora-gcc, r-devel-osx-x86_64-clang, r-devel-windows-ix86+x86_64, r-patched-linux-x86_64, r-patched-solaris-sparc, r-patched-solaris-x86, r-release-linux-ix86, r-release-linux-x86_64, r-release-windows-ix86+x86_64
Version: 1.4.8
Check: package dependencies
Result: ERROR
Package required but not available: ‘rgdal’
See the information on DESCRIPTION files in the chapter ‘Creating R
packages’ of the ‘Writing R Extensions’ manual.
Flavor: r-release-osx-x86_64-mavericks