CRAN Package Check Results for Package spatialEco

Last updated on 2015-02-05 23:50:37.

Flavor Version Tinstall Tcheck Ttotal Status Flags
r-devel-linux-x86_64-debian-clang 0.1-0 0.80 28.98 29.78 OK
r-devel-linux-x86_64-debian-gcc 0.1-0 0.79 28.18 28.97 OK
r-devel-linux-x86_64-fedora-clang 0.1-0 57.66 OK
r-devel-linux-x86_64-fedora-gcc 0.1-0 31.39 OK
r-devel-osx-x86_64-clang 0.1-0 31.78 OK
r-devel-windows-ix86+x86_64 0.1-0 7.00 43.00 50.00 OK
r-patched-linux-x86_64 0.1-0 1.36 33.34 34.70 OK
r-patched-solaris-sparc 0.1-0 359.70 OK
r-patched-solaris-x86 0.1-0 72.40 OK
r-release-linux-x86_64 0.1-0 1.35 33.70 35.04 OK
r-release-osx-x86_64-mavericks 0.1-0 ERROR
r-release-osx-x86_64-snowleopard 0.1-0 OK
r-release-windows-ix86+x86_64 0.1-0 8.00 52.00 60.00 OK

Check Details

Version: 0.1-0
Check: package dependencies
Result: ERROR
    Package required but not available: ‘rgeos’
    
    See the information on DESCRIPTION files in the chapter ‘Creating R
    packages’ of the ‘Writing R Extensions’ manual.
Flavor: r-release-osx-x86_64-mavericks