Last updated on 2015-02-05 23:50:37.
Flavor | Version | Tinstall | Tcheck | Ttotal | Status | Flags |
---|---|---|---|---|---|---|
r-devel-linux-x86_64-debian-clang | 0.5-83 | 7.19 | 163.34 | 170.53 | NOTE | |
r-devel-linux-x86_64-debian-gcc | 0.5-83 | 7.21 | 161.43 | 168.64 | NOTE | |
r-devel-linux-x86_64-fedora-clang | 0.5-83 | 342.42 | NOTE | |||
r-devel-linux-x86_64-fedora-gcc | 0.5-83 | 345.45 | NOTE | |||
r-devel-osx-x86_64-clang | 0.5-83 | 292.76 | NOTE | |||
r-devel-windows-ix86+x86_64 | 0.5-83 | 57.00 | 287.00 | 344.00 | NOTE | |
r-patched-linux-x86_64 | 0.5-83 | 8.51 | 191.55 | 200.06 | NOTE | |
r-patched-solaris-sparc | 0.5-83 | 2065.60 | NOTE | |||
r-patched-solaris-x86 | 0.5-83 | 486.80 | NOTE | |||
r-release-linux-ix86 | 0.5-83 | 10.18 | 219.89 | 230.07 | NOTE | |
r-release-linux-x86_64 | 0.5-83 | 8.54 | 197.61 | 206.16 | NOTE | |
r-release-osx-x86_64-mavericks | 0.5-83 | NOTE | ||||
r-release-osx-x86_64-snowleopard | 0.5-83 | NOTE | ||||
r-release-windows-ix86+x86_64 | 0.5-83 | 55.00 | 334.00 | 389.00 | NOTE | |
r-oldrel-windows-ix86+x86_64 | 0.5-83 | 39.00 | 329.00 | 368.00 | NOTE |
Version: 0.5-83
Check: installed package size
Result: NOTE
installed size is 5.4Mb
sub-directories of 1Mb or more:
data 1.1Mb
doc 1.5Mb
etc 1.7Mb
Flavors: r-devel-linux-x86_64-debian-clang, r-devel-linux-x86_64-debian-gcc, r-devel-linux-x86_64-fedora-clang, r-devel-linux-x86_64-fedora-gcc, r-devel-osx-x86_64-clang, r-devel-windows-ix86+x86_64, r-patched-linux-x86_64, r-patched-solaris-sparc, r-patched-solaris-x86, r-release-linux-ix86, r-release-linux-x86_64, r-release-osx-x86_64-mavericks, r-release-osx-x86_64-snowleopard, r-release-windows-ix86+x86_64, r-oldrel-windows-ix86+x86_64
Version: 0.5-83
Check: S3 generic/method consistency
Result: NOTE
Found the following apparent S3 methods exported but not registered:
lag.listw
See section ‘Registering S3 methods’ in the ‘Writing R Extensions’
manual.
Flavors: r-devel-linux-x86_64-debian-clang, r-devel-linux-x86_64-debian-gcc, r-devel-linux-x86_64-fedora-clang, r-devel-linux-x86_64-fedora-gcc, r-devel-osx-x86_64-clang