CRAN Package Check Results for Package splus2R

Last updated on 2015-02-05 23:50:37.

Flavor Version Tinstall Tcheck Ttotal Status Flags
r-devel-linux-x86_64-debian-clang 1.2-0 1.96 21.58 23.54 NOTE
r-devel-linux-x86_64-debian-gcc 1.2-0 1.88 20.34 22.21 NOTE
r-devel-linux-x86_64-fedora-clang 1.2-0 47.72 NOTE
r-devel-linux-x86_64-fedora-gcc 1.2-0 45.61 NOTE
r-devel-osx-x86_64-clang 1.2-0 46.47 NOTE
r-devel-windows-ix86+x86_64 1.2-0 13.00 42.00 55.00 NOTE
r-patched-linux-x86_64 1.2-0 2.94 26.68 29.61 NOTE
r-patched-solaris-sparc 1.2-0 369.40 NOTE
r-patched-solaris-x86 1.2-0 72.70 NOTE
r-release-linux-ix86 1.2-0 3.10 33.70 36.79 NOTE
r-release-linux-x86_64 1.2-0 2.77 26.24 29.01 NOTE
r-release-osx-x86_64-mavericks 1.2-0 NOTE
r-release-windows-ix86+x86_64 1.2-0 9.00 70.00 79.00 NOTE
r-oldrel-windows-ix86+x86_64 1.2-0 8.00 55.00 63.00 NOTE

Check Details

Version: 1.2-0
Check: dependencies in R code
Result: NOTE
    Package in Depends field not imported from: ‘methods’
     These packages need to be imported from (in the NAMESPACE file)
     for when this namespace is loaded but not attached.
Flavors: r-devel-linux-x86_64-debian-clang, r-devel-linux-x86_64-debian-gcc, r-devel-linux-x86_64-fedora-clang, r-devel-linux-x86_64-fedora-gcc, r-devel-osx-x86_64-clang, r-devel-windows-ix86+x86_64

Version: 1.2-0
Check: S3 generic/method consistency
Result: NOTE
    Found the following apparent S3 methods exported but not registered:
     subscript2d.default
    See section ‘Registering S3 methods’ in the ‘Writing R Extensions’
    manual.
Flavors: r-devel-linux-x86_64-debian-clang, r-devel-linux-x86_64-debian-gcc, r-devel-linux-x86_64-fedora-clang, r-devel-linux-x86_64-fedora-gcc, r-devel-osx-x86_64-clang

Version: 1.2-0
Check: dependencies in R code
Result: NOTE
    Package in Depends field not imported from: ‘methods’
     These packages need to be imported from (in the NAMESPACE file)
     for when this namespace is loaded but not attached.
    See the information on DESCRIPTION files in the chapter ‘Creating R
    packages’ of the ‘Writing R Extensions’ manual.
Flavors: r-patched-linux-x86_64, r-patched-solaris-sparc, r-patched-solaris-x86, r-release-linux-ix86, r-release-linux-x86_64, r-release-osx-x86_64-mavericks, r-release-windows-ix86+x86_64, r-oldrel-windows-ix86+x86_64