CRAN Package Check Results for Package spocc

Last updated on 2015-02-05 23:50:37.

Flavor Version Tinstall Tcheck Ttotal Status Flags
r-devel-linux-x86_64-debian-clang 0.2.4 4.81 54.50 59.31 OK
r-devel-linux-x86_64-debian-gcc 0.2.4 4.70 54.12 58.82 OK
r-devel-linux-x86_64-fedora-clang 0.2.4 126.66 OK
r-devel-linux-x86_64-fedora-gcc 0.2.4 122.99 OK
r-devel-osx-x86_64-clang 0.2.4 121.67 OK
r-devel-windows-ix86+x86_64 0.2.4 20.00 82.00 102.00 OK
r-patched-linux-x86_64 0.2.4 7.93 88.03 95.96 OK
r-patched-solaris-sparc 0.2.4 1049.90 OK
r-patched-solaris-x86 0.2.4 269.20 OK
r-release-linux-ix86 0.2.4 8.94 100.78 109.72 OK
r-release-linux-x86_64 0.2.4 8.04 87.36 95.40 OK
r-release-osx-x86_64-mavericks 0.2.4 ERROR
r-release-osx-x86_64-snowleopard 0.2.4 OK
r-release-windows-ix86+x86_64 0.2.4 43.00 152.00 195.00 OK
r-oldrel-windows-ix86+x86_64 0.2.4 27.00 160.00 187.00 OK

Check Details

Version: 0.2.4
Check: package dependencies
Result: ERROR
    Packages required but not available: ‘rgbif’ ‘rgeos’ ‘rgdal’
    
    See the information on DESCRIPTION files in the chapter ‘Creating R
    packages’ of the ‘Writing R Extensions’ manual.
Flavor: r-release-osx-x86_64-mavericks