Last updated on 2015-02-05 23:50:37.
Flavor | Version | Tinstall | Tcheck | Ttotal | Status | Flags |
---|---|---|---|---|---|---|
r-devel-linux-x86_64-debian-clang | 1.1 | 1.56 | 30.62 | 32.17 | NOTE | |
r-devel-linux-x86_64-debian-gcc | 1.1 | 1.31 | 29.21 | 30.52 | NOTE | |
r-devel-linux-x86_64-fedora-clang | 1.1 | 64.38 | NOTE | |||
r-devel-linux-x86_64-fedora-gcc | 1.1 | 63.90 | NOTE | |||
r-devel-osx-x86_64-clang | 1.1 | 58.79 | NOTE | |||
r-devel-windows-ix86+x86_64 | 1.1 | 7.00 | 48.00 | 55.00 | OK | |
r-patched-linux-x86_64 | 1.1 | 2.06 | 39.90 | 41.96 | OK | |
r-patched-solaris-sparc | 1.1 | 476.50 | OK | |||
r-patched-solaris-x86 | 1.1 | 104.80 | OK | |||
r-release-linux-ix86 | 1.1 | 2.36 | 48.32 | 50.68 | OK | |
r-release-linux-x86_64 | 1.1 | 2.02 | 39.26 | 41.28 | OK | |
r-release-osx-x86_64-mavericks | 1.1 | OK | ||||
r-release-osx-x86_64-snowleopard | 1.1 | OK | ||||
r-release-windows-ix86+x86_64 | 1.1 | 13.00 | 62.00 | 75.00 | OK | |
r-oldrel-windows-ix86+x86_64 | 1.1 | 10.00 | 64.00 | 74.00 | OK |
Version: 1.1
Check: S3 generic/method consistency
Result: NOTE
Found the following apparent S3 methods exported but not registered:
biplot.prm biplot.sprm plot.prm plot.sprm predict.prm predict.sprm
print.prm print.sprm summary.prm summary.sprm
See section ‘Registering S3 methods’ in the ‘Writing R Extensions’
manual.
Flavors: r-devel-linux-x86_64-debian-clang, r-devel-linux-x86_64-fedora-clang, r-devel-linux-x86_64-fedora-gcc, r-devel-osx-x86_64-clang
Version: 1.1
Check: S3 generic/method consistency
Result: NOTE
Found the following apparent S3 methods exported but not registered:
print.prm print.sprm summary.prm summary.sprm plot.prm plot.sprm
biplot.prm biplot.sprm predict.prm predict.sprm
See section ‘Registering S3 methods’ in the ‘Writing R Extensions’
manual.
Flavor: r-devel-linux-x86_64-debian-gcc