Last updated on 2015-02-05 23:50:38.
Flavor | Version | Tinstall | Tcheck | Ttotal | Status | Flags |
---|---|---|---|---|---|---|
r-devel-linux-x86_64-debian-clang | 1.5.2 | 0.99 | 34.71 | 35.70 | NOTE | |
r-devel-linux-x86_64-debian-gcc | 1.5.2 | 0.88 | 33.58 | 34.46 | NOTE | |
r-devel-linux-x86_64-fedora-clang | 1.5.2 | 63.94 | NOTE | |||
r-devel-linux-x86_64-fedora-gcc | 1.5.2 | 64.14 | NOTE | |||
r-devel-osx-x86_64-clang | 1.5.2 | 62.38 | NOTE | |||
r-devel-windows-ix86+x86_64 | 1.5.2 | 5.00 | 40.00 | 45.00 | OK | |
r-patched-linux-x86_64 | 1.5.2 | 1.08 | 35.84 | 36.91 | OK | |
r-patched-solaris-sparc | 1.5.2 | 411.20 | OK | |||
r-patched-solaris-x86 | 1.5.2 | 85.20 | OK | |||
r-release-linux-ix86 | 1.5.2 | 1.40 | 47.65 | 49.06 | OK | |
r-release-linux-x86_64 | 1.5.2 | 1.01 | 35.55 | 36.56 | OK | |
r-release-osx-x86_64-mavericks | 1.5.2 | OK | ||||
r-release-osx-x86_64-snowleopard | 1.5.2 | OK | ||||
r-release-windows-ix86+x86_64 | 1.5.2 | 7.00 | 74.00 | 81.00 | OK | |
r-oldrel-windows-ix86+x86_64 | 1.5.2 | 6.00 | 51.00 | 57.00 | OK |
Version: 1.5.2
Check: S3 generic/method consistency
Result: NOTE
Found the following apparent S3 methods exported but not registered:
AIC.ssym BIC.ssym coef.ssym fitted.ssym influence.ssym logLik.ssym
plot.ssym print.ssym residuals.ssym summary.ssym vcov.ssym
See section ‘Registering S3 methods’ in the ‘Writing R Extensions’
manual.
Flavors: r-devel-linux-x86_64-debian-clang, r-devel-linux-x86_64-fedora-clang, r-devel-linux-x86_64-fedora-gcc, r-devel-osx-x86_64-clang
Version: 1.5.2
Check: S3 generic/method consistency
Result: NOTE
Found the following apparent S3 methods exported but not registered:
print.ssym summary.ssym plot.ssym AIC.ssym BIC.ssym coef.ssym
fitted.ssym influence.ssym logLik.ssym residuals.ssym vcov.ssym
See section ‘Registering S3 methods’ in the ‘Writing R Extensions’
manual.
Flavor: r-devel-linux-x86_64-debian-gcc