Last updated on 2015-02-05 23:50:38.
Flavor | Version | Tinstall | Tcheck | Ttotal | Status | Flags |
---|---|---|---|---|---|---|
r-devel-linux-x86_64-debian-clang | 1.4.20 | 1.16 | 17.52 | 18.68 | NOTE | |
r-devel-linux-x86_64-debian-gcc | 1.4.20 | 1.11 | 17.24 | 18.35 | NOTE | |
r-devel-linux-x86_64-fedora-clang | 1.4.20 | 35.88 | NOTE | |||
r-devel-linux-x86_64-fedora-gcc | 1.4.20 | 35.83 | NOTE | |||
r-devel-osx-x86_64-clang | 1.4.20 | 39.20 | NOTE | |||
r-devel-windows-ix86+x86_64 | 1.4.20 | 11.00 | 31.00 | 42.00 | NOTE | |
r-patched-linux-x86_64 | 1.4.20 | 1.22 | 18.29 | 19.51 | NOTE | |
r-patched-solaris-sparc | 1.4.20 | 239.80 | NOTE | |||
r-patched-solaris-x86 | 1.4.20 | 51.70 | NOTE | |||
r-release-linux-ix86 | 1.4.20 | 1.56 | 25.87 | 27.43 | NOTE | |
r-release-linux-x86_64 | 1.4.20 | 1.15 | 18.45 | 19.60 | NOTE | |
r-release-osx-x86_64-mavericks | 1.4.20 | NOTE | ||||
r-release-osx-x86_64-snowleopard | 1.4.20 | OK | ||||
r-release-windows-ix86+x86_64 | 1.4.20 | 9.00 | 33.00 | 42.00 | NOTE | |
r-oldrel-windows-ix86+x86_64 | 1.4.20 | 9.00 | 52.00 | 61.00 | OK |
Version: 1.4.20
Check: dependencies in R code
Result: NOTE
'library' or 'require' call to ‘tweedie’ in package code.
Please use :: or requireNamespace() instead.
See section 'Suggested packages' in the 'Writing R Extensions' manual.
Flavors: r-devel-linux-x86_64-debian-clang, r-devel-linux-x86_64-debian-gcc, r-devel-linux-x86_64-fedora-clang, r-devel-linux-x86_64-fedora-gcc, r-devel-osx-x86_64-clang, r-devel-windows-ix86+x86_64
Version: 1.4.20
Check: S3 generic/method consistency
Result: NOTE
Found the following apparent S3 methods exported but not registered:
plot.limdil print.limdil
See section ‘Registering S3 methods’ in the ‘Writing R Extensions’
manual.
Flavors: r-devel-linux-x86_64-debian-clang, r-devel-linux-x86_64-fedora-clang, r-devel-linux-x86_64-fedora-gcc, r-devel-osx-x86_64-clang
Version: 1.4.20
Check: R code for possible problems
Result: NOTE
qres.tweedie: no visible global function definition for ‘ptweedie’
Flavors: r-devel-linux-x86_64-debian-clang, r-devel-linux-x86_64-debian-gcc, r-devel-linux-x86_64-fedora-clang, r-devel-linux-x86_64-fedora-gcc, r-devel-osx-x86_64-clang, r-devel-windows-ix86+x86_64, r-patched-linux-x86_64, r-patched-solaris-sparc, r-patched-solaris-x86, r-release-linux-ix86, r-release-linux-x86_64, r-release-osx-x86_64-mavericks, r-release-windows-ix86+x86_64
Version: 1.4.20
Check: S3 generic/method consistency
Result: NOTE
Found the following apparent S3 methods exported but not registered:
print.limdil plot.limdil
See section ‘Registering S3 methods’ in the ‘Writing R Extensions’
manual.
Flavor: r-devel-linux-x86_64-debian-gcc