Last updated on 2015-02-05 23:50:38.
Flavor | Version | Tinstall | Tcheck | Ttotal | Status | Flags |
---|---|---|---|---|---|---|
r-devel-linux-x86_64-debian-clang | 1.8-3 | 12.88 | 203.41 | 216.28 | NOTE | |
r-devel-linux-x86_64-debian-gcc | 1.8-3 | 13.65 | 198.38 | 212.04 | NOTE | |
r-devel-linux-x86_64-fedora-clang | 1.8-3 | 428.73 | OK | |||
r-devel-linux-x86_64-fedora-gcc | 1.8-3 | 410.60 | OK | |||
r-devel-osx-x86_64-clang | 1.8-3 | 384.33 | OK | |||
r-devel-windows-ix86+x86_64 | 1.8-3 | 63.00 | 636.00 | 699.00 | NOTE | |
r-patched-linux-x86_64 | 1.8-3 | 15.56 | 229.14 | 244.71 | NOTE | |
r-patched-solaris-sparc | 1.8-3 | 2615.70 | NOTE | |||
r-patched-solaris-x86 | 1.8-3 | 646.90 | NOTE | |||
r-release-linux-ix86 | 1.8-3 | 18.73 | 275.39 | 294.12 | NOTE | |
r-release-linux-x86_64 | 1.8-3 | 16.04 | 238.27 | 254.31 | NOTE | |
r-release-osx-x86_64-mavericks | 1.8-3 | NOTE | ||||
r-release-osx-x86_64-snowleopard | 1.8-3 | WARN | ||||
r-release-windows-ix86+x86_64 | 1.8-3 | 71.00 | 712.00 | 783.00 | NOTE | |
r-oldrel-windows-ix86+x86_64 | 1.8-3 | 53.00 | 869.00 | 922.00 | WARN |
Version: 1.8-3
Check: package dependencies
Result: NOTE
Package suggested but not available for checking: ‘INLA’
Flavors: r-devel-linux-x86_64-debian-clang, r-devel-linux-x86_64-debian-gcc, r-patched-linux-x86_64, r-patched-solaris-sparc, r-patched-solaris-x86, r-release-linux-ix86, r-release-linux-x86_64, r-release-osx-x86_64-snowleopard
Version: 1.8-3
Check: package dependencies
Result: NOTE
Package suggested but not available for checking: 'gpclib'
Flavor: r-devel-windows-ix86+x86_64
Version: 1.8-3
Check: installed package size
Result: NOTE
installed size is 5.1Mb
sub-directories of 1Mb or more:
libs 1.4Mb
Flavors: r-devel-windows-ix86+x86_64, r-release-windows-ix86+x86_64, r-oldrel-windows-ix86+x86_64
Version: 1.8-3
Check: Rd cross-references
Result: NOTE
Package unavailable to check Rd xrefs: 'gpclib'
Flavor: r-devel-windows-ix86+x86_64
Version: 1.8-3
Check: package dependencies
Result: NOTE
Packages suggested but not available for checking: ‘rgeos’ ‘INLA’
Flavor: r-release-osx-x86_64-mavericks
Version: 1.8-3
Check: Rd cross-references
Result: NOTE
Package unavailable to check Rd xrefs: ‘rgeos’
Flavor: r-release-osx-x86_64-mavericks
Version: 1.8-3
Check: re-building of vignette outputs
Result: NOTE
Error in re-building vignettes:
...
Loading required package: sp
Loading required package: xtable
Loading required package: polyCub
This is surveillance 1.8.3. For overview type ‘help(surveillance)’.
Error in texi2dvi(file = file, pdf = TRUE, clean = clean, quiet = quiet, :
Running 'texi2dvi' on 'glrnb.tex' failed.
Messages:
sh: /opt/texinfo/bin/texi2dvi: No such file or directory
Calls: buildVignettes -> texi2pdf -> texi2dvi
Execution halted
Flavor: r-release-osx-x86_64-snowleopard
Version: 1.8-3
Check: PDF version of manual
Result: WARN
LaTeX errors when creating PDF version.
This typically indicates Rd problems.
Flavor: r-release-osx-x86_64-snowleopard
Version: 1.8-3
Check: whether package can be installed
Result: WARN
Found the following significant warnings:
Warning: D:/temp/RtmpiMTZu8/R.INSTALL22185c845f2/surveillance/man/marks.Rd: docType 'import' is unrecognized
Warning: D:/temp/RtmpiMTZu8/R.INSTALL22185c845f2/surveillance/man/multiplicity.Rd: docType 'import' is unrecognized
Flavor: r-oldrel-windows-ix86+x86_64
Version: 1.8-3
Check: Rd files
Result: WARN
prepare_Rd: marks.Rd: docType 'import' is unrecognized
prepare_Rd: multiplicity.Rd: docType 'import' is unrecognized
Flavor: r-oldrel-windows-ix86+x86_64