Last updated on 2015-02-05 23:50:38.
Flavor | Version | Tinstall | Tcheck | Ttotal | Status | Flags |
---|---|---|---|---|---|---|
r-devel-linux-x86_64-debian-clang | 1.0.0 | 3.42 | 39.36 | 42.78 | NOTE | |
r-devel-linux-x86_64-debian-gcc | 1.0.0 | 3.26 | 38.50 | 41.77 | NOTE | |
r-devel-linux-x86_64-fedora-clang | 1.0.0 | 90.44 | NOTE | |||
r-devel-linux-x86_64-fedora-gcc | 1.0.0 | 88.25 | NOTE | |||
r-devel-osx-x86_64-clang | 1.0.0 | 85.16 | NOTE | |||
r-devel-windows-ix86+x86_64 | 1.0.0 | 13.00 | 53.00 | 66.00 | NOTE | |
r-patched-linux-x86_64 | 1.0.0 | 4.37 | 48.76 | 53.13 | NOTE | |
r-patched-solaris-sparc | 1.0.0 | 662.60 | NOTE | |||
r-patched-solaris-x86 | 1.0.0 | 165.30 | NOTE | |||
r-release-linux-ix86 | 1.0.0 | 5.03 | 56.97 | 62.00 | NOTE | |
r-release-linux-x86_64 | 1.0.0 | 4.32 | 47.55 | 51.86 | NOTE | |
r-release-osx-x86_64-mavericks | 1.0.0 | NOTE | ||||
r-release-osx-x86_64-snowleopard | 1.0.0 | NOTE | ||||
r-release-windows-ix86+x86_64 | 1.0.0 | 16.00 | 103.00 | 119.00 | NOTE | |
r-oldrel-windows-ix86+x86_64 | 1.0.0 | 13.00 | 94.00 | 107.00 | NOTE |
Version: 1.0.0
Check: R code for possible problems
Result: NOTE
cfba_moment: no visible global function definition for ‘getRowsCPLEX’
cfba_moment_pw: no visible global function definition for
‘getRowsCPLEX’
Flavors: r-devel-linux-x86_64-debian-clang, r-devel-linux-x86_64-debian-gcc, r-devel-linux-x86_64-fedora-clang, r-devel-linux-x86_64-fedora-gcc, r-devel-osx-x86_64-clang, r-devel-windows-ix86+x86_64, r-patched-linux-x86_64, r-patched-solaris-sparc, r-patched-solaris-x86, r-release-linux-ix86, r-release-linux-x86_64, r-release-osx-x86_64-mavericks, r-release-osx-x86_64-snowleopard, r-release-windows-ix86+x86_64, r-oldrel-windows-ix86+x86_64
Version: 1.0.0
Check: package dependencies
Result: NOTE
Package suggested but not available for checking: ‘cplexAPI’
Flavors: r-devel-linux-x86_64-fedora-clang, r-devel-linux-x86_64-fedora-gcc, r-devel-osx-x86_64-clang, r-devel-windows-ix86+x86_64, r-patched-solaris-sparc, r-patched-solaris-x86, r-release-osx-x86_64-snowleopard, r-release-windows-ix86+x86_64, r-oldrel-windows-ix86+x86_64
Version: 1.0.0
Check: package dependencies
Result: NOTE
Packages suggested but not available for checking: ‘cplexAPI’ ‘glpkAPI’
Flavor: r-release-osx-x86_64-mavericks