CRAN Package Check Results for Package testthat

Last updated on 2015-02-05 23:50:40.

Flavor Version Tinstall Tcheck Ttotal Status Flags
r-devel-linux-x86_64-debian-clang 0.9.1 1.64 17.12 18.76 OK
r-devel-linux-x86_64-debian-gcc 0.9.1 1.55 17.99 19.54 OK
r-devel-linux-x86_64-fedora-clang 0.9.1 37.07 OK
r-devel-linux-x86_64-fedora-gcc 0.9.1 33.97 OK
r-devel-osx-x86_64-clang 0.9.1 41.64 OK
r-devel-windows-ix86+x86_64 0.9.1 9.00 34.00 43.00 OK
r-patched-linux-x86_64 0.9.1 1.82 18.28 20.10 OK
r-patched-solaris-sparc 0.9.1 219.60 OK
r-patched-solaris-x86 0.9.1 53.50 OK
r-release-linux-ix86 0.9.1 2.20 24.22 26.42 OK
r-release-linux-x86_64 0.9.1 1.79 18.68 20.47 OK
r-release-osx-x86_64-mavericks 0.9.1 OK
r-release-osx-x86_64-snowleopard 0.9.1 OK
r-release-windows-ix86+x86_64 0.9.1 13.00 36.00 49.00 OK
r-oldrel-windows-ix86+x86_64 0.9 7.00 24.00 31.00 ERROR

Check Details

Version: 0.9
Check: running examples for arch 'i386'
Result: ERROR
    Running examples in 'testthat-Ex.R' failed
    The error most likely occurred in:
    
    > ### Name: with_mock
    > ### Title: Mock functions in a package.
    > ### Aliases: with_mock
    >
    > ### ** Examples
    >
    > with_mock(
    + all.equal = function(x, y, ...) TRUE,
    + expect_equal(2 * 3, 4),
    + .env = "base"
    + )
    Error: 2 * 3 not equal to 4
    Mean relative difference: 0.5
    Execution halted
Flavor: r-oldrel-windows-ix86+x86_64

Version: 0.9
Check: running examples for arch 'x64'
Result: ERROR
    Running examples in 'testthat-Ex.R' failed
    The error most likely occurred in:
    
    > ### Name: with_mock
    > ### Title: Mock functions in a package.
    > ### Aliases: with_mock
    >
    > ### ** Examples
    >
    > with_mock(
    + all.equal = function(x, y, ...) TRUE,
    + expect_equal(2 * 3, 4),
    + .env = "base"
    + )
    Error: 2 * 3 not equal to 4
    Mean relative difference: 0.5
    Execution halted
Flavor: r-oldrel-windows-ix86+x86_64