Last updated on 2015-02-05 23:50:40.
Flavor | Version | Tinstall | Tcheck | Ttotal | Status | Flags |
---|---|---|---|---|---|---|
r-devel-linux-x86_64-debian-clang | 0.2 | 0.91 | 20.99 | 21.90 | NOTE | |
r-devel-linux-x86_64-debian-gcc | 0.2 | 0.88 | 20.48 | 21.36 | NOTE | |
r-devel-linux-x86_64-fedora-clang | 0.2 | 41.38 | NOTE | |||
r-devel-linux-x86_64-fedora-gcc | 0.2 | 40.94 | NOTE | |||
r-devel-osx-x86_64-clang | 0.2 | 44.90 | NOTE | |||
r-devel-windows-ix86+x86_64 | 0.2 | 6.00 | 32.00 | 38.00 | NOTE | |
r-patched-linux-x86_64 | 0.2 | 1.30 | 25.58 | 26.88 | NOTE | |
r-patched-solaris-sparc | 0.2 | 296.30 | NOTE | |||
r-patched-solaris-x86 | 0.2 | 69.50 | NOTE | |||
r-release-linux-ix86 | 0.2 | 1.68 | 33.37 | 35.05 | NOTE | |
r-release-linux-x86_64 | 0.2 | 1.26 | 24.90 | 26.16 | NOTE | |
r-release-osx-x86_64-mavericks | 0.2 | NOTE | ||||
r-release-osx-x86_64-snowleopard | 0.2 | NOTE | ||||
r-release-windows-ix86+x86_64 | 0.2 | 10.00 | 46.00 | 56.00 | NOTE | |
r-oldrel-windows-ix86+x86_64 | 0.2 | 6.00 | 49.00 | 55.00 | NOTE |
Version: 0.2
Check: dependencies in R code
Result: NOTE
Package in Depends field not imported from: ‘timereg’
These packages need to be imported from (in the NAMESPACE file)
for when this namespace is loaded but not attached.
Flavors: r-devel-linux-x86_64-debian-clang, r-devel-linux-x86_64-debian-gcc, r-devel-linux-x86_64-fedora-clang, r-devel-linux-x86_64-fedora-gcc, r-devel-osx-x86_64-clang, r-devel-windows-ix86+x86_64
Version: 0.2
Check: dependencies in R code
Result: NOTE
Package in Depends field not imported from: ‘timereg’
These packages need to be imported from (in the NAMESPACE file)
for when this namespace is loaded but not attached.
See the information on DESCRIPTION files in the chapter ‘Creating R
packages’ of the ‘Writing R Extensions’ manual.
Flavors: r-patched-linux-x86_64, r-patched-solaris-sparc, r-patched-solaris-x86, r-release-linux-ix86, r-release-linux-x86_64, r-release-osx-x86_64-mavericks, r-release-windows-ix86+x86_64, r-oldrel-windows-ix86+x86_64
Version: 0.2
Check: dependencies in R code
Result: NOTE
Package in Depends field not imported from: 'timereg'
These packages need to be imported from for the case when
this namespace is loaded but not attached.
See the information on DESCRIPTION files in the chapter 'Creating R
packages' of the 'Writing R Extensions' manual.
Flavor: r-release-osx-x86_64-snowleopard