Last updated on 2015-02-05 23:50:40.
Flavor | Version | Tinstall | Tcheck | Ttotal | Status | Flags |
---|---|---|---|---|---|---|
r-devel-linux-x86_64-debian-clang | 0.6 | 1.69 | 35.45 | 37.14 | OK | |
r-devel-linux-x86_64-debian-gcc | 0.6 | 1.72 | 34.08 | 35.81 | OK | |
r-devel-linux-x86_64-fedora-clang | 0.6 | 71.07 | OK | |||
r-devel-linux-x86_64-fedora-gcc | 0.6 | 68.50 | OK | |||
r-devel-osx-x86_64-clang | 0.6 | 72.61 | OK | |||
r-devel-windows-ix86+x86_64 | 0.6 | 9.00 | 53.00 | 62.00 | OK | |
r-patched-linux-x86_64 | 0.6 | 2.36 | 43.95 | 46.31 | OK | |
r-patched-solaris-sparc | 0.6 | 540.90 | OK | |||
r-patched-solaris-x86 | 0.6 | 117.60 | OK | |||
r-release-linux-ix86 | 0.6 | 2.83 | 56.50 | 59.34 | OK | |
r-release-linux-x86_64 | 0.6 | 2.34 | 44.38 | 46.72 | OK | |
r-release-osx-x86_64-mavericks | 0.6 | OK | ||||
r-release-osx-x86_64-snowleopard | 0.6 | ERROR | ||||
r-release-windows-ix86+x86_64 | 0.6 | 14.00 | 82.00 | 96.00 | OK | |
r-oldrel-windows-ix86+x86_64 | 0.6 | 10.00 | 77.00 | 87.00 | OK |
Version: 0.6
Check: package dependencies
Result: ERROR
Packages required but not available: ‘stsm’ ‘KFKSDS’
See the information on DESCRIPTION files in the chapter ‘Creating R
packages’ of the ‘Writing R Extensions’ manual.
Flavor: r-release-osx-x86_64-snowleopard