Last updated on 2015-02-05 23:50:40.
Flavor | Version | Tinstall | Tcheck | Ttotal | Status | Flags |
---|---|---|---|---|---|---|
r-devel-linux-x86_64-debian-clang | 1.1.7 | 1.91 | 17.67 | 19.58 | NOTE | |
r-devel-linux-x86_64-debian-gcc | 1.1.7 | 1.68 | 17.19 | 18.87 | NOTE | |
r-devel-linux-x86_64-fedora-clang | 1.1.7 | 38.05 | NOTE | |||
r-devel-linux-x86_64-fedora-gcc | 1.1.7 | 35.80 | NOTE | |||
r-devel-osx-x86_64-clang | 1.1.7 | 44.99 | NOTE | |||
r-devel-windows-ix86+x86_64 | 1.1.7 | 6.00 | 30.00 | 36.00 | NOTE | |
r-patched-linux-x86_64 | 1.1.7 | 2.19 | 21.18 | 23.37 | NOTE | |
r-release-linux-ix86 | 1.1.7 | 2.57 | 27.71 | 30.28 | NOTE | |
r-release-linux-x86_64 | 1.1.7 | 2.11 | 21.32 | 23.43 | NOTE | |
r-release-osx-x86_64-mavericks | 1.1.7 | NOTE | ||||
r-release-osx-x86_64-snowleopard | 1.1.7 | NOTE | ||||
r-release-windows-ix86+x86_64 | 1.1.7 | 7.00 | 37.00 | 44.00 | NOTE | |
r-oldrel-windows-ix86+x86_64 | 1.1.7 | 8.00 | 35.00 | 43.00 | NOTE |
Version: 1.1.7
Check: dependencies in R code
Result: NOTE
Packages in Depends field not imported from:
‘RCurl’ ‘ROAuth’ ‘methods’ ‘rjson’
These packages need to be imported from (in the NAMESPACE file)
for when this namespace is loaded but not attached.
':::' call which should be '::': ‘rjson:::fromJSON’
See the note in ?`:::` about the use of this operator.
Flavors: r-devel-linux-x86_64-debian-clang, r-devel-linux-x86_64-debian-gcc, r-devel-linux-x86_64-fedora-clang, r-devel-linux-x86_64-fedora-gcc, r-devel-osx-x86_64-clang, r-devel-windows-ix86+x86_64
Version: 1.1.7
Check: R code for possible problems
Result: NOTE
decode_short_url: no visible global function definition for ‘fromJSON’
decode_short_url: no visible global function definition for ‘getURL’
getTwitterOAuth: no visible binding for global variable ‘OAuthFactory’
Flavors: r-devel-linux-x86_64-debian-clang, r-devel-linux-x86_64-debian-gcc, r-devel-linux-x86_64-fedora-clang, r-devel-linux-x86_64-fedora-gcc, r-devel-osx-x86_64-clang, r-devel-windows-ix86+x86_64, r-patched-linux-x86_64, r-release-linux-ix86, r-release-linux-x86_64, r-release-osx-x86_64-mavericks, r-release-windows-ix86+x86_64
Version: 1.1.7
Check: dependencies in R code
Result: NOTE
Packages in Depends field not imported from:
‘RCurl’ ‘ROAuth’ ‘methods’ ‘rjson’
These packages need to be imported from (in the NAMESPACE file)
for when this namespace is loaded but not attached.
':::' call which should be '::': ‘rjson:::fromJSON’
See the note in ?`:::` about the use of this operator.
See the information on DESCRIPTION files in the chapter ‘Creating R
packages’ of the ‘Writing R Extensions’ manual.
Flavors: r-patched-linux-x86_64, r-release-linux-ix86, r-release-linux-x86_64, r-release-osx-x86_64-mavericks, r-release-windows-ix86+x86_64, r-oldrel-windows-ix86+x86_64
Version: 1.1.7
Check: dependencies in R code
Result: NOTE
':::' call which should be '::': 'rjson:::fromJSON'
See the note in ?`:::` about the use of this operator.
See the information on DESCRIPTION files in the chapter 'Creating R
packages' of the 'Writing R Extensions' manual.
Flavor: r-release-osx-x86_64-snowleopard