CRAN Package Check Results for Package vars

Last updated on 2015-02-05 23:50:41.

Flavor Version Tinstall Tcheck Ttotal Status Flags
r-devel-linux-x86_64-debian-clang 1.5-2 1.78 49.01 50.80 NOTE
r-devel-linux-x86_64-debian-gcc 1.5-2 1.60 46.81 48.42 NOTE
r-devel-linux-x86_64-fedora-clang 1.5-2 98.00 NOTE
r-devel-linux-x86_64-fedora-gcc 1.5-2 93.89 NOTE
r-devel-osx-x86_64-clang 1.5-2 102.57 NOTE
r-devel-windows-ix86+x86_64 1.5-2 11.00 68.00 79.00 NOTE
r-patched-linux-x86_64 1.5-2 1.88 54.86 56.74 NOTE
r-patched-solaris-sparc 1.5-2 659.90 NOTE
r-patched-solaris-x86 1.5-2 137.10 NOTE
r-release-linux-ix86 1.5-2 2.29 67.71 70.00 NOTE
r-release-linux-x86_64 1.5-2 1.84 54.20 56.04 NOTE
r-release-osx-x86_64-mavericks 1.5-2 NOTE
r-release-osx-x86_64-snowleopard 1.5-2 NOTE
r-release-windows-ix86+x86_64 1.5-2 12.00 77.00 89.00 NOTE
r-oldrel-windows-ix86+x86_64 1.5-2 9.00 79.00 88.00 NOTE

Check Details

Version: 1.5-2
Check: dependencies in R code
Result: NOTE
    Packages in Depends field not imported from:
     ‘MASS’ ‘strucchange’
     These packages need to be imported from (in the NAMESPACE file)
     for when this namespace is loaded but not attached.
Flavors: r-devel-linux-x86_64-debian-clang, r-devel-linux-x86_64-debian-gcc, r-devel-linux-x86_64-fedora-clang, r-devel-linux-x86_64-fedora-gcc, r-devel-osx-x86_64-clang, r-devel-windows-ix86+x86_64

Version: 1.5-2
Check: R code for possible problems
Result: NOTE
    SVEC: no visible global function definition for ‘Null’
    causality: no visible global function definition for ‘ginv’
    stability: no visible global function definition for ‘efp’
Flavors: r-devel-linux-x86_64-debian-clang, r-devel-linux-x86_64-debian-gcc, r-devel-linux-x86_64-fedora-clang, r-devel-linux-x86_64-fedora-gcc, r-devel-osx-x86_64-clang, r-devel-windows-ix86+x86_64, r-patched-linux-x86_64, r-patched-solaris-sparc, r-patched-solaris-x86, r-release-linux-ix86, r-release-linux-x86_64, r-release-osx-x86_64-mavericks, r-release-windows-ix86+x86_64

Version: 1.5-2
Check: dependencies in R code
Result: NOTE
    Packages in Depends field not imported from:
     ‘MASS’ ‘strucchange’
     These packages need to be imported from (in the NAMESPACE file)
     for when this namespace is loaded but not attached.
    See the information on DESCRIPTION files in the chapter ‘Creating R
    packages’ of the ‘Writing R Extensions’ manual.
Flavors: r-patched-linux-x86_64, r-patched-solaris-sparc, r-patched-solaris-x86, r-release-linux-ix86, r-release-linux-x86_64, r-release-osx-x86_64-mavericks, r-release-windows-ix86+x86_64, r-oldrel-windows-ix86+x86_64

Version: 1.5-2
Check: re-building of vignette outputs
Result: NOTE
    Error in re-building vignettes:
     ...
    
     as.Date, as.Date.numeric
    
    Loading required package: sandwich
    Loading required package: urca
    Loading required package: lmtest
    Error in texi2dvi(file = file, pdf = TRUE, clean = clean, quiet = quiet, :
     Running 'texi2dvi' on 'vars.tex' failed.
    LaTeX errors:
    ! Undefined control sequence.
    l.16 ?<f1><8b><96><eb><96>;<d9>l6^^V<8b>uM<<c3>0n޼<99>N<a7>1\Y
     <96><f1><a6><96><fb><9a><a6><a5>R)<88>^^Z<8f><c7><f9>D^^D<83><c1>D"<a1><eb><ba>,˲,뺎6<f8><9a>J<a5>^^N...
    The control sequence at the end of the top line
    of your error message was never \def'ed. If you have
    ! Undefined control sequence.
    l.17 <bd>MMM<e1><9a>c^^?^^?<ff><ee>ݻ^^O^^_><9c><9b><9b><8b><c7>㌱<d9><d9>Y<bc><e8>$^^L\<cc>
     <84>H<d7><f5><d3><c7><dd>!<ba>,<9e><ae><eb>D<f4><e1><87>^^_z<9e>G<c7><fa><a1>cB...
    The control sequence at the end of the top line
    of your error message was never \def'ed. If you have
    ! Undefined control sequence.
    l.21 0<c6>X<b5>ZE\<e6>
     <a7>.<98>L<c7>[H~n<c7><e3>q<90><b6><a5>^^_<f4><cf>?<fd>!<de>)<8c><b8><88><a6><a5><8b>^^\n<e3>^^X^^Xc<b0>^^G|<c7>^^X^^[<94><f3><f3><f3>t<ec> ^...
    The control sequence at the end o
    Calls: buildVignettes -> texi2pdf -> texi2dvi
    Execution halted
Flavor: r-release-osx-x86_64-mavericks

Version: 1.5-2
Check: dependencies in R code
Result: NOTE
    Packages in Depends field not imported from:
     'MASS' 'strucchange'
     These packages need to be imported from for the case when
     this namespace is loaded but not attached.
    See the information on DESCRIPTION files in the chapter 'Creating R
    packages' of the 'Writing R Extensions' manual.
Flavor: r-release-osx-x86_64-snowleopard

Version: 1.5-2
Check: re-building of vignette outputs
Result: NOTE
    Error in re-building vignettes:
     ...
    Loading required package: MASS
    Loading required package: strucchange
    Loading required package: zoo
    
    Attaching package: 'zoo'
    
    The following objects are masked from 'package:base':
    
     as.Date, as.Date.numeric
    
    Loading required package: sandwich
    Loading required package: urca
    Loading required package: lmtest
    Error in texi2dvi(file = file, pdf = TRUE, clean = clean, quiet = quiet, :
     Running 'texi2dvi' on 'vars.tex' failed.
    Messages:
    sh: gs: command not found
    !!! Error: Closing Ghostscript (exit status: 127)!
    /usr/bin/texi2dvi: thumbpdf exited with bad status, quitting.
    Calls: buildVignettes -> texi2pdf -> texi2dvi
    Execution halted
Flavor: r-release-osx-x86_64-snowleopard