Last updated on 2015-02-05 23:50:41.
Flavor | Version | Tinstall | Tcheck | Ttotal | Status | Flags |
---|---|---|---|---|---|---|
r-devel-linux-x86_64-debian-clang | 1.3-2 | 1.90 | 114.55 | 116.44 | NOTE | |
r-devel-linux-x86_64-debian-gcc | 1.3-2 | 1.81 | 106.29 | 108.10 | NOTE | |
r-devel-linux-x86_64-fedora-clang | 1.3-2 | 230.48 | NOTE | |||
r-devel-linux-x86_64-fedora-gcc | 1.3-2 | 213.26 | NOTE | |||
r-devel-osx-x86_64-clang | 1.3-2 | 209.06 | NOTE | |||
r-devel-windows-ix86+x86_64 | 1.3-2 | 11.00 | 171.00 | 182.00 | NOTE | |
r-patched-linux-x86_64 | 1.3-2 | 2.83 | 140.03 | 142.86 | NOTE | |
r-patched-solaris-sparc | 1.3-2 | 1433.50 | NOTE | |||
r-patched-solaris-x86 | 1.3-2 | 303.30 | NOTE | |||
r-release-linux-ix86 | 1.3-2 | 2.52 | 150.96 | 153.48 | NOTE | |
r-release-linux-x86_64 | 1.3-2 | 2.02 | 133.82 | 135.85 | NOTE | |
r-release-osx-x86_64-mavericks | 1.3-2 | NOTE | ||||
r-release-osx-x86_64-snowleopard | 1.3-2 | NOTE | ||||
r-release-windows-ix86+x86_64 | 1.3-2 | 11.00 | 194.00 | 205.00 | NOTE | |
r-oldrel-windows-ix86+x86_64 | 1.3-2 | 13.00 | 181.00 | 194.00 | NOTE |
Version: 1.3-2
Check: dependencies in R code
Result: NOTE
Package in Depends field not imported from: ‘grid’
These packages need to be imported from (in the NAMESPACE file)
for when this namespace is loaded but not attached.
Flavors: r-devel-linux-x86_64-debian-clang, r-devel-linux-x86_64-debian-gcc, r-devel-linux-x86_64-fedora-clang, r-devel-linux-x86_64-fedora-gcc, r-devel-osx-x86_64-clang, r-devel-windows-ix86+x86_64
Version: 1.3-2
Check: R code for possible problems
Result: NOTE
Ord_plot: no visible global function definition for ‘gpar’
Ord_plot: no visible global function definition for ‘grid.newpage’
Ord_plot: no visible global function definition for ‘pushViewport’
Ord_plot: no visible global function definition for ‘plotViewport’
Ord_plot: no visible global function definition for ‘grid.points’
Ord_plot: no visible global function definition for ‘grid.lines’
Ord_plot: no visible global function definition for ‘grid.rect’
Ord_plot: no visible global function definition for ‘grid.xaxis’
Ord_plot: no visible global function definition for ‘grid.yaxis’
Ord_plot: no visible global function definition for ‘grid.text’
Ord_plot: no visible global function definition for ‘unit’
Ord_plot: no visible global function definition for ‘popViewport’
Ord_plot: no visible global function definition for ‘upViewport’
agreementplot.default: no visible global function definition for
‘grid.newpage’
agreementplot.default: no visible global function definition for
‘pushViewport’
agreementplot.default: no visible global function definition for
‘plotViewport’
agreementplot.default: no visible global function definition for
‘viewport’
agreementplot.default: no visible global function definition for ‘unit’
agreementplot.default: no visible global function definition for
‘grid.text’
agreementplot.default: no visible global function definition for ‘gpar’
agreementplot.default: no visible global function definition for
‘grid.rect’
agreementplot.default : <anonymous>: no visible global function
definition for ‘grid.text’
agreementplot.default : <anonymous>: no visible global function
definition for ‘grid.rect’
agreementplot.default : rec: no visible global function definition for
‘gpar’
agreementplot.default: no visible global function definition for
‘grid.lines’
agreementplot.default: no visible global function definition for
‘grid.xaxis’
agreementplot.default: no visible global function definition for
‘grid.yaxis’
agreementplot.default: no visible global function definition for
‘popViewport’
agreementplot.default: no visible global function definition for
‘upViewport’
assoc.default: no visible global function definition for ‘unit’
assoc.default: no visible global function definition for ‘gpar’
cd_plot.default: no visible global function definition for ‘gpar’
cd_plot.default: no visible global function definition for
‘grid.newpage’
cd_plot.default: no visible global function definition for
‘pushViewport’
cd_plot.default: no visible global function definition for
‘plotViewport’
cd_plot.default: no visible global function definition for
‘grid.polygon’
cd_plot.default: no visible global function definition for ‘grid.rect’
cd_plot.default: no visible global function definition for ‘grid.xaxis’
cd_plot.default: no visible global function definition for ‘grid.yaxis’
cd_plot.default: no visible global function definition for ‘grid.text’
cd_plot.default: no visible global function definition for ‘unit’
cd_plot.default: no visible global function definition for
‘popViewport’
cd_plot.formula: no visible global function definition for ‘gpar’
cotabplot.default: no visible global function definition for ‘gpar’
cotabplot.default: no visible global function definition for
‘grid.newpage’
cotabplot.default: no visible global function definition for
‘pushViewport’
cotabplot.default: no visible global function definition for
‘plotViewport’
cotabplot.default: no visible global function definition for ‘viewport’
cotabplot.default: no visible global function definition for
‘grid.layout’
cotabplot.default: no visible global function definition for ‘unit’
cotabplot.default : cellport: no visible global function definition for
‘viewport’
cotabplot.default : cellport: no visible global function definition for
‘grid.layout’
cotabplot.default : cellport: no visible global function definition for
‘unit.c’
cotabplot.default : cellport: no visible global function definition for
‘unit’
cotabplot.default: no visible global function definition for
‘grid.rect’
cotabplot.default: no visible global function definition for
‘grid.text’
cotabplot.default: no visible global function definition for
‘grid.segments’
cotabplot.default: no visible global function definition for
‘upViewport’
cotabplot.default: no visible global function definition for
‘popViewport’
distplot: no visible global function definition for ‘gpar’
distplot: no visible global function definition for ‘grid.newpage’
distplot: no visible global function definition for ‘pushViewport’
distplot: no visible global function definition for ‘plotViewport’
distplot: no visible global function definition for ‘grid.points’
distplot: no visible global function definition for ‘grid.lines’
distplot: no visible global function definition for ‘grid.rect’
distplot: no visible global function definition for ‘grid.xaxis’
distplot: no visible global function definition for ‘grid.yaxis’
distplot: no visible global function definition for ‘grid.text’
distplot: no visible global function definition for ‘unit’
distplot: no visible global function definition for ‘grid.segments’
distplot: no visible global function definition for ‘popViewport’
distplot: no visible global function definition for ‘upViewport’
distplot: multiple local function definitions for ‘phi’ with different
formal arguments
doubledecker.default: no visible global function definition for ‘gpar’
fourfold : drawPie: no visible global function definition for
‘grid.polygon’
fourfold : drawPie: no visible global function definition for ‘gpar’
fourfold: no visible global function definition for ‘grid.newpage’
fourfold: no visible global function definition for ‘pushViewport’
fourfold: no visible global function definition for ‘viewport’
fourfold: no visible global function definition for ‘unit’
fourfold: no visible global function definition for ‘convertY’
fourfold: no visible global function definition for ‘convertX’
fourfold: no visible global function definition for ‘grid.text’
fourfold: no visible global function definition for ‘gpar’
fourfold: no visible global function definition for ‘grid.lines’
fourfold: no visible global function definition for ‘grid.polygon’
fourfold: no visible global function definition for ‘popViewport’
grid_barplot: no visible global function definition for ‘gpar’
grid_barplot: no visible global function definition for ‘grid.newpage’
grid_barplot: no visible global function definition for ‘pushViewport’
grid_barplot: no visible global function definition for ‘plotViewport’
grid_barplot: no visible global function definition for ‘grid.rect’
grid_barplot: no visible global function definition for ‘grid.yaxis’
grid_barplot: no visible global function definition for ‘grid.text’
grid_barplot: no visible global function definition for ‘unit’
grid_barplot: no visible global function definition for ‘popViewport’
grid_barplot: no visible global function definition for ‘upViewport’
grid_legend: no visible global function definition for ‘unit’
grid_legend: no visible global function definition for ‘gpar’
grid_legend: no visible global function definition for ‘is.unit’
grid_legend: no visible global function definition for ‘grid.layout’
grid_legend: no visible global function definition for ‘unit.c’
grid_legend: no visible global function definition for ‘unit.pmax’
grid_legend: no visible global function definition for ‘frameGrob’
grid_legend: no visible global function definition for ‘placeGrob’
grid_legend: no visible global function definition for ‘rectGrob’
grid_legend: no visible global function definition for ‘textGrob’
grid_legend: no visible global function definition for ‘pointsGrob’
grid_legend: no visible global function definition for ‘linesGrob’
grid_legend: no visible global function definition for ‘pushViewport’
grid_legend: no visible global function definition for ‘viewport’
grid_legend: no visible global function definition for ‘grobHeight’
grid_legend: no visible global function definition for ‘grobWidth’
grid_legend: no visible global function definition for ‘grid.draw’
grid_legend: no visible global function definition for ‘popViewport’
labeling_border: no visible global function definition for ‘gpar’
labeling_border: no visible global function definition for ‘is.unit’
labeling_border: no visible global function definition for ‘unit’
labeling_border : <anonymous>: no visible global function definition
for ‘gpar’
labeling_border : <anonymous>: no visible global function definition
for ‘grid.text’
labeling_border : <anonymous>: no visible global function definition
for ‘unit’
labeling_border : <anonymous> : split: no visible global function
definition for ‘seekViewport’
labeling_border : <anonymous> : split: no visible global function
definition for ‘pushViewport’
labeling_border : <anonymous> : split: no visible global function
definition for ‘viewport’
labeling_border : <anonymous> : split: no visible global function
definition for ‘unit’
labeling_border : <anonymous> : split: no visible global function
definition for ‘grid.rect’
labeling_border : <anonymous> : split: no visible global function
definition for ‘gpar’
labeling_border : <anonymous> : split: no visible global function
definition for ‘grid.text’
labeling_border : <anonymous> : split: no visible global function
definition for ‘popViewport’
labeling_border : <anonymous>: no visible global function definition
for ‘seekViewport’
labeling_border : <anonymous>: no visible global function definition
for ‘upViewport’
labeling_cells: no visible global function definition for ‘gpar’
labeling_cells: no visible global function definition for ‘unit’
labeling_cells : <anonymous>: no visible global function definition for
‘is.unit’
labeling_cells : <anonymous>: no visible global function definition for
‘unit’
labeling_cells : <anonymous> : split: no visible global function
definition for ‘seekViewport’
labeling_cells : <anonymous> : split: no visible global function
definition for ‘pushViewport’
labeling_cells : <anonymous> : split: no visible global function
definition for ‘viewport’
labeling_cells : <anonymous> : split: no visible global function
definition for ‘unit’
labeling_cells : <anonymous> : split: no visible global function
definition for ‘grid.text’
labeling_cells : <anonymous> : split: no visible global function
definition for ‘popViewport’
labeling_cells : <anonymous>: no visible global function definition for
‘seekViewport’
labeling_cells : <anonymous>: no visible global function definition for
‘upViewport’
labeling_doubledecker: no visible global function definition for ‘gpar’
labeling_doubledecker : <anonymous>: no visible global function
definition for ‘is.unit’
labeling_doubledecker : <anonymous>: no visible global function
definition for ‘unit’
labeling_doubledecker : <anonymous>: no visible global function
definition for ‘seekViewport’
labeling_doubledecker : <anonymous>: no visible global function
definition for ‘grid.text’
labeling_list: no visible global function definition for ‘gpar’
labeling_list: no visible global function definition for ‘unit’
labeling_list : <anonymous>: no visible global function definition for
‘seekViewport’
labeling_list : <anonymous>: no visible global function definition for
‘unit’
labeling_list : <anonymous>: no visible global function definition for
‘grid.text’
legend_fixed: no visible global function definition for ‘unit’
legend_fixed: no visible global function definition for ‘is.unit’
legend_fixed : <anonymous>: no visible global function definition for
‘unit’
legend_fixed : <anonymous>: no visible global function definition for
‘pushViewport’
legend_fixed : <anonymous>: no visible global function definition for
‘viewport’
legend_fixed : <anonymous>: no visible global function definition for
‘grid.rect’
legend_fixed : <anonymous>: no visible global function definition for
‘grid.text’
legend_fixed : <anonymous>: no visible global function definition for
‘gpar’
legend_fixed : <anonymous>: no visible global function definition for
‘grid.segments’
legend_fixed : <anonymous>: no visible global function definition for
‘popViewport’
legend_resbased: no visible global function definition for ‘unit’
legend_resbased: no visible global function definition for ‘is.unit’
legend_resbased : <anonymous>: no visible global function definition
for ‘pushViewport’
legend_resbased : <anonymous>: no visible global function definition
for ‘viewport’
legend_resbased : <anonymous>: no visible global function definition
for ‘grid.lines’
legend_resbased : <anonymous>: no visible global function definition
for ‘grid.text’
legend_resbased : <anonymous>: no visible global function definition
for ‘unit’
legend_resbased : <anonymous>: no visible global function definition
for ‘gpar’
legend_resbased : <anonymous>: no visible global function definition
for ‘grid.rect’
legend_resbased : <anonymous>: no visible global function definition
for ‘grid.segments’
legend_resbased : <anonymous>: no visible global function definition
for ‘popViewport’
mosaic.default: no visible global function definition for ‘gpar’
pairs.table: no visible global function definition for ‘gpar’
pairs.table: no visible global function definition for ‘unit’
pairs.table: no visible global function definition for ‘grid.newpage’
pairs.table: no visible global function definition for ‘grid.layout’
pairs.table: no visible global function definition for ‘pushViewport’
pairs.table: no visible global function definition for ‘viewport’
pairs.table: no visible global function definition for ‘seekViewport’
pairs.table: no visible global function definition for ‘grid.text’
pairs.table: no visible global function definition for ‘popViewport’
pairs.table: no visible global function definition for ‘upViewport’
pairs_barplot: no visible global function definition for ‘gpar’
pairs_barplot: no visible global function definition for ‘unit’
pairs_barplot : <anonymous>: no visible global function definition for
‘is.unit’
pairs_barplot : <anonymous>: no visible global function definition for
‘unit’
pairs_barplot : <anonymous>: no visible global function definition for
‘gpar’
pairs_barplot : <anonymous>: no visible global function definition for
‘pushViewport’
pairs_barplot : <anonymous>: no visible global function definition for
‘viewport’
pairs_barplot : <anonymous>: no visible global function definition for
‘grid.rect’
pairs_barplot : <anonymous>: no visible global function definition for
‘grid.yaxis’
pairs_barplot : <anonymous>: no visible global function definition for
‘grid.text’
pairs_barplot : <anonymous>: no visible global function definition for
‘popViewport’
pairs_diagonal_mosaic: no visible global function definition for ‘unit’
pairs_diagonal_mosaic : <anonymous>: no visible global function
definition for ‘gpar’
pairs_diagonal_text: no visible global function definition for ‘gpar’
pairs_diagonal_text: no visible global function definition for ‘unit’
pairs_diagonal_text : <anonymous>: no visible global function
definition for ‘grid.rect’
pairs_diagonal_text : <anonymous>: no visible global function
definition for ‘grid.text’
pairs_diagonal_text : <anonymous>: no visible global function
definition for ‘unit’
pairs_text: no visible global function definition for ‘gpar’
pairs_text : <anonymous>: no visible global function definition for
‘grid.rect’
pairs_text : <anonymous>: no visible global function definition for
‘grid.text’
rootogram.default: no visible global function definition for ‘gpar’
rootogram.default: no visible global function definition for
‘downViewport’
rootogram.default: no visible global function definition for
‘grid.lines’
rootogram.default: no visible global function definition for
‘grid.points’
rootogram.default: no visible global function definition for ‘unit’
rootogram.default: no visible global function definition for
‘popViewport’
rootogram.default: no visible global function definition for
‘upViewport’
shading_binary : rval: no visible global function definition for ‘gpar’
sieve.default: no visible global function definition for ‘gpar’
spacing_conditional: no visible global function definition for ‘unit’
spacing_dimequal: no visible global function definition for ‘is.unit’
spacing_dimequal: no visible global function definition for ‘unit’
spacing_equal: no visible global function definition for ‘unit’
spacing_equal: no visible global function definition for ‘is.unit’
spacing_highlighting: no visible global function definition for ‘unit’
spacing_highlighting: no visible global function definition for
‘is.unit’
spacing_highlighting : <anonymous>: no visible global function
definition for ‘unit’
spacing_increase: no visible global function definition for ‘unit’
spacing_increase: no visible global function definition for ‘is.unit’
spine.default: no visible global function definition for ‘gpar’
spine.default: no visible global function definition for ‘grid.newpage’
spine.default: no visible global function definition for ‘pushViewport’
spine.default: no visible global function definition for ‘plotViewport’
spine.default: no visible global function definition for ‘grid.rect’
spine.default: no visible global function definition for ‘grid.text’
spine.default: no visible global function definition for ‘unit’
spine.default: no visible global function definition for ‘grid.xaxis’
spine.default: no visible global function definition for ‘grid.yaxis’
spine.default: no visible global function definition for ‘popViewport’
spine.formula: no visible global function definition for ‘gpar’
struc_assoc: no visible global function definition for ‘unit’
struc_assoc: no visible global function definition for ‘gpar’
struc_assoc : <anonymous> : split: no visible global function
definition for ‘unit.c’
struc_assoc : <anonymous> : split: no visible global function
definition for ‘unit’
struc_assoc : <anonymous> : split: no visible global function
definition for ‘grid.layout’
struc_assoc : <anonymous> : split: no visible global function
definition for ‘pushViewport’
struc_assoc : <anonymous> : split: no visible global function
definition for ‘viewport’
struc_assoc : <anonymous> : split: no visible global function
definition for ‘grid.lines’
struc_assoc : <anonymous> : split: no visible global function
definition for ‘grid.rect’
struc_assoc : <anonymous> : split: no visible global function
definition for ‘upViewport’
struc_mosaic: no visible global function definition for ‘gpar’
struc_mosaic : <anonymous> : zeros: no visible global function
definition for ‘grid.lines’
struc_mosaic : <anonymous> : zeros: no visible global function
definition for ‘grid.points’
struc_mosaic : <anonymous> : zeros: no visible global function
definition for ‘unit’
struc_mosaic : <anonymous> : split: no visible global function
definition for ‘unit.c’
struc_mosaic : <anonymous> : split: no visible global function
definition for ‘unit’
struc_mosaic : <anonymous> : split: no visible global function
definition for ‘grid.layout’
struc_mosaic : <anonymous> : split: no visible global function
definition for ‘pushViewport’
struc_mosaic : <anonymous> : split: no visible global function
definition for ‘viewport’
struc_mosaic : <anonymous> : split: no visible global function
definition for ‘gpar’
struc_mosaic : <anonymous> : split: no visible global function
definition for ‘grid.rect’
struc_mosaic : <anonymous> : split: no visible global function
definition for ‘upViewport’
struc_sieve: no visible global function definition for ‘gpar’
struc_sieve : <anonymous> : split: no visible global function
definition for ‘unit.c’
struc_sieve : <anonymous> : split: no visible global function
definition for ‘unit’
struc_sieve : <anonymous> : split: no visible global function
definition for ‘grid.layout’
struc_sieve : <anonymous> : split: no visible global function
definition for ‘pushViewport’
struc_sieve : <anonymous> : split: no visible global function
definition for ‘viewport’
struc_sieve : <anonymous> : split: no visible global function
definition for ‘grid.rect’
struc_sieve : <anonymous> : split: no visible global function
definition for ‘grid.segments’
struc_sieve : <anonymous> : split: no visible global function
definition for ‘upViewport’
strucplot: no visible global function definition for ‘unit’
strucplot: no visible global function definition for ‘gpar’
strucplot: no visible global function definition for ‘grid.newpage’
strucplot: no visible global function definition for ‘pushViewport’
strucplot: no visible global function definition for ‘viewport’
strucplot: no visible global function definition for ‘seekViewport’
strucplot: no visible global function definition for ‘grid.text’
strucplot: no visible global function definition for ‘upViewport’
strucplot: no visible global function definition for ‘popViewport’
ternaryplot: no visible global function definition for ‘grid.newpage’
ternaryplot: no visible global function definition for ‘pushViewport’
ternaryplot: no visible global function definition for ‘viewport’
ternaryplot: no visible global function definition for ‘unit’
ternaryplot: no visible global function definition for ‘grid.text’
ternaryplot: no visible global function definition for ‘gpar’
ternaryplot: no visible global function definition for ‘grid.polygon’
ternaryplot: no visible global function definition for ‘grid.lines’
ternaryplot: no visible global function definition for ‘grid.points’
ternaryplot: no visible global function definition for ‘popViewport’
ternaryplot: no visible global function definition for ‘upViewport’
tile.default: no visible global function definition for ‘unit’
tile.default: no visible global function definition for ‘unit.c’
tile.default : panelfun: no visible global function definition for
‘grid.rect’
vcdViewport: no visible global function definition for ‘unit’
vcdViewport: no visible global function definition for ‘is.unit’
vcdViewport: no visible global function definition for ‘unit.c’
vcdViewport: no visible global function definition for ‘vpStack’
vcdViewport: no visible global function definition for ‘viewport’
vcdViewport: no visible global function definition for ‘grid.layout’
vcdViewport: no visible global function definition for ‘vpTree’
vcdViewport: no visible global function definition for ‘vpList’
Flavors: r-devel-linux-x86_64-debian-clang, r-devel-linux-x86_64-debian-gcc, r-devel-linux-x86_64-fedora-clang, r-devel-linux-x86_64-fedora-gcc, r-devel-osx-x86_64-clang, r-devel-windows-ix86+x86_64, r-patched-linux-x86_64, r-patched-solaris-sparc, r-patched-solaris-x86, r-release-linux-ix86, r-release-linux-x86_64, r-release-osx-x86_64-mavericks, r-release-windows-ix86+x86_64
Version: 1.3-2
Check: dependencies in R code
Result: NOTE
Package in Depends field not imported from: ‘grid’
These packages need to be imported from (in the NAMESPACE file)
for when this namespace is loaded but not attached.
See the information on DESCRIPTION files in the chapter ‘Creating R
packages’ of the ‘Writing R Extensions’ manual.
Flavors: r-patched-linux-x86_64, r-patched-solaris-sparc, r-patched-solaris-x86, r-release-linux-ix86, r-release-linux-x86_64, r-release-osx-x86_64-mavericks, r-release-windows-ix86+x86_64
Version: 1.3-2
Check: R code for possible problems
Result: NOTE
distplot: multiple local function definitions for ‘phi’ with different
formal arguments
Flavors: r-release-osx-x86_64-snowleopard, r-oldrel-windows-ix86+x86_64