Last updated on 2015-02-05 23:50:41.
Flavor | Version | Tinstall | Tcheck | Ttotal | Status | Flags |
---|---|---|---|---|---|---|
r-devel-linux-x86_64-debian-clang | 2.2-1 | 8.09 | 148.33 | 156.42 | NOTE | |
r-devel-linux-x86_64-debian-gcc | 2.2-1 | 8.06 | 151.32 | 159.38 | NOTE | |
r-devel-linux-x86_64-fedora-clang | 2.2-1 | 300.26 | NOTE | |||
r-devel-linux-x86_64-fedora-gcc | 2.2-1 | 289.05 | OK | |||
r-devel-osx-x86_64-clang | 2.2-1 | 280.31 | NOTE | |||
r-devel-windows-ix86+x86_64 | 2.2-1 | 44.00 | 267.00 | 311.00 | OK | |
r-patched-linux-x86_64 | 2.2-1 | 9.40 | 168.17 | 177.57 | NOTE | |
r-patched-solaris-sparc | 2.2-1 | 1772.50 | OK | --no-build-vignettes | ||
r-patched-solaris-x86 | 2.2-1 | 430.30 | OK | |||
r-release-linux-ix86 | 2.2-1 | 11.39 | 196.12 | 207.51 | NOTE | |
r-release-linux-x86_64 | 2.2-1 | 9.60 | 166.67 | 176.28 | NOTE | |
r-release-osx-x86_64-mavericks | 2.2-1 | OK | ||||
r-release-osx-x86_64-snowleopard | 2.2-1 | OK | ||||
r-release-windows-ix86+x86_64 | 2.2-1 | 48.00 | 304.00 | 352.00 | OK | |
r-oldrel-windows-ix86+x86_64 | 2.2-1 | 31.00 | 455.00 | 486.00 | OK |
Version: 2.2-1
Check: R code for possible problems
Result: NOTE
Found the following assignments to the global environment:
File ‘vegan/R/orditkplot.R’:
assign(dumpName, xy, envir = .GlobalEnv)
assign(dumpName, xy, envir = .GlobalEnv)
Flavors: r-devel-linux-x86_64-debian-clang, r-devel-linux-x86_64-debian-gcc, r-devel-linux-x86_64-fedora-clang, r-devel-osx-x86_64-clang, r-patched-linux-x86_64, r-release-linux-ix86, r-release-linux-x86_64