Last updated on 2015-02-05 23:50:41.
Flavor | Version | Tinstall | Tcheck | Ttotal | Status | Flags |
---|---|---|---|---|---|---|
r-devel-linux-x86_64-debian-clang | 1.1-0 | 1.16 | 19.31 | 20.48 | NOTE | |
r-devel-linux-x86_64-debian-gcc | 1.1-0 | 1.13 | 17.93 | 19.06 | NOTE | |
r-devel-linux-x86_64-fedora-clang | 1.1-0 | 39.05 | NOTE | |||
r-devel-linux-x86_64-fedora-gcc | 1.1-0 | 36.98 | NOTE | |||
r-devel-osx-x86_64-clang | 1.1-0 | 45.44 | OK | |||
r-devel-windows-ix86+x86_64 | 1.1-0 | 6.00 | 30.00 | 36.00 | OK | |
r-patched-linux-x86_64 | 1.1-0 | 1.51 | 22.14 | 23.65 | NOTE | |
r-patched-solaris-sparc | 1.1-0 | 338.40 | OK | |||
r-patched-solaris-x86 | 1.1-0 | 74.90 | OK | |||
r-release-linux-ix86 | 1.1-0 | 1.87 | 30.18 | 32.04 | NOTE | |
r-release-linux-x86_64 | 1.1-0 | 1.58 | 22.31 | 23.89 | NOTE | |
r-release-osx-x86_64-mavericks | 1.1-0 | OK | ||||
r-release-windows-ix86+x86_64 | 1.1-0 | 5.00 | 44.00 | 49.00 | OK | |
r-oldrel-windows-ix86+x86_64 | 1.1-0 | 5.00 | 34.00 | 39.00 | OK |
Version: 1.1-0
Check: top-level files
Result: NOTE
Non-standard file/directory found at top level:
‘src-java’
Flavors: r-devel-linux-x86_64-debian-clang, r-devel-linux-x86_64-debian-gcc, r-devel-linux-x86_64-fedora-clang, r-devel-linux-x86_64-fedora-gcc, r-patched-linux-x86_64, r-release-linux-ix86, r-release-linux-x86_64