Last updated on 2015-02-05 23:50:41.
Flavor | Version | Tinstall | Tcheck | Ttotal | Status | Flags |
---|---|---|---|---|---|---|
r-devel-linux-x86_64-debian-clang | 2.1-0 | 0.71 | 28.30 | 29.01 | NOTE | |
r-devel-linux-x86_64-debian-gcc | 2.1-0 | 0.66 | 27.83 | 28.49 | NOTE | |
r-devel-linux-x86_64-fedora-clang | 2.1-0 | 58.52 | NOTE | |||
r-devel-linux-x86_64-fedora-gcc | 2.1-0 | 56.01 | NOTE | |||
r-devel-osx-x86_64-clang | 2.1-0 | 61.13 | NOTE | |||
r-devel-windows-ix86+x86_64 | 2.1-0 | 4.00 | 43.00 | 47.00 | NOTE | |
r-patched-linux-x86_64 | 2.1-0 | 0.82 | 31.48 | 32.30 | OK | |
r-patched-solaris-sparc | 2.1-0 | 367.30 | OK | |||
r-patched-solaris-x86 | 2.1-0 | 81.20 | OK | |||
r-release-linux-ix86 | 2.1-0 | 1.07 | 40.44 | 41.50 | OK | |
r-release-linux-x86_64 | 2.1-0 | 0.80 | 30.84 | 31.64 | OK | |
r-release-osx-x86_64-mavericks | 2.1-0 | OK | ||||
r-release-osx-x86_64-snowleopard | 2.1-0 | OK | ||||
r-release-windows-ix86+x86_64 | 2.1-0 | 4.00 | 50.00 | 54.00 | OK | |
r-oldrel-windows-ix86+x86_64 | 2.1-0 | 5.00 | 48.00 | 53.00 | OK |
Version: 2.1-0
Check: dependencies in R code
Result: NOTE
'library' or 'require' call to ‘rgl’ in package code.
Please use :: or requireNamespace() instead.
See section 'Suggested packages' in the 'Writing R Extensions' manual.
Flavors: r-devel-linux-x86_64-debian-clang, r-devel-linux-x86_64-debian-gcc, r-devel-linux-x86_64-fedora-clang, r-devel-linux-x86_64-fedora-gcc, r-devel-osx-x86_64-clang, r-devel-windows-ix86+x86_64