Last updated on 2015-02-05 23:50:41.
Flavor | Version | Tinstall | Tcheck | Ttotal | Status | Flags |
---|---|---|---|---|---|---|
r-devel-linux-x86_64-debian-clang | 0.4.1 | 1.37 | 14.40 | 15.78 | NOTE | |
r-devel-linux-x86_64-debian-gcc | 0.4.1 | 1.26 | 14.12 | 15.38 | NOTE | |
r-devel-linux-x86_64-fedora-clang | 0.4.1 | 30.45 | NOTE | |||
r-devel-linux-x86_64-fedora-gcc | 0.4.1 | 28.73 | NOTE | |||
r-devel-osx-x86_64-clang | 0.4.1 | 37.98 | NOTE | |||
r-devel-windows-ix86+x86_64 | 0.4.1 | 6.00 | 22.00 | 28.00 | NOTE | |
r-patched-linux-x86_64 | 0.4.1 | 1.64 | 16.85 | 18.50 | NOTE | |
r-patched-solaris-sparc | 0.4.1 | 205.50 | NOTE | |||
r-patched-solaris-x86 | 0.4.1 | 50.30 | NOTE | |||
r-release-linux-ix86 | 0.4.1 | 2.00 | 22.55 | 24.56 | NOTE | |
r-release-linux-x86_64 | 0.4.1 | 1.63 | 16.05 | 17.68 | NOTE | |
r-release-osx-x86_64-mavericks | 0.4.1 | NOTE | ||||
r-release-osx-x86_64-snowleopard | 0.4.1 | OK | ||||
r-release-windows-ix86+x86_64 | 0.4.1 | 9.00 | 27.00 | 36.00 | NOTE | |
r-oldrel-windows-ix86+x86_64 | 0.4.1 | 7.00 | 46.00 | 53.00 | OK |
Version: 0.4.1
Check: R code for possible problems
Result: NOTE
getStationCode: no visible binding for global variable
‘USAirportWeatherStations’
getStationCode: no visible binding for global variable ‘IntlWxStations’
Flavors: r-devel-linux-x86_64-debian-clang, r-devel-linux-x86_64-debian-gcc, r-devel-linux-x86_64-fedora-clang, r-devel-linux-x86_64-fedora-gcc, r-devel-osx-x86_64-clang, r-devel-windows-ix86+x86_64, r-patched-linux-x86_64, r-patched-solaris-sparc, r-patched-solaris-x86, r-release-linux-ix86, r-release-linux-x86_64, r-release-osx-x86_64-mavericks, r-release-windows-ix86+x86_64