CRAN Package Check Results for Package wordcloud

Last updated on 2015-02-05 23:50:41.

Flavor Version Tinstall Tcheck Ttotal Status Flags
r-devel-linux-x86_64-debian-clang 2.5 4.04 16.52 20.56 NOTE
r-devel-linux-x86_64-debian-gcc 2.5 4.20 16.13 20.34 NOTE
r-devel-linux-x86_64-fedora-clang 2.5 41.66 NOTE
r-devel-linux-x86_64-fedora-gcc 2.5 39.07 NOTE
r-devel-osx-x86_64-clang 2.5 48.95 NOTE
r-devel-windows-ix86+x86_64 2.5 24.00 46.00 70.00 NOTE
r-patched-linux-x86_64 2.5 4.58 18.73 23.31 NOTE
r-patched-solaris-sparc 2.5 285.00 NOTE
r-patched-solaris-x86 2.5 62.20 NOTE
r-release-linux-ix86 2.5 5.46 24.66 30.11 NOTE
r-release-linux-x86_64 2.5 4.60 19.27 23.88 NOTE
r-release-osx-x86_64-mavericks 2.5 NOTE
r-release-osx-x86_64-snowleopard 2.5 NOTE
r-release-windows-ix86+x86_64 2.5 22.00 51.00 73.00 NOTE
r-oldrel-windows-ix86+x86_64 2.5 19.00 39.00 58.00 ERROR

Check Details

Version: 2.5
Check: dependencies in R code
Result: NOTE
    'library' or 'require' call to ‘tm’ in package code.
     Please use :: or requireNamespace() instead.
     See section 'Suggested packages' in the 'Writing R Extensions' manual.
Flavors: r-devel-linux-x86_64-debian-clang, r-devel-linux-x86_64-debian-gcc, r-devel-linux-x86_64-fedora-clang, r-devel-linux-x86_64-fedora-gcc, r-devel-osx-x86_64-clang, r-devel-windows-ix86+x86_64

Version: 2.5
Check: R code for possible problems
Result: NOTE
    wordcloud: no visible global function definition for ‘Corpus’
    wordcloud: no visible global function definition for ‘VectorSource’
    wordcloud: no visible global function definition for ‘tm_map’
    wordcloud: no visible binding for global variable ‘removePunctuation’
    wordcloud : <anonymous>: no visible global function definition for
     ‘removeWords’
    wordcloud : <anonymous>: no visible global function definition for
     ‘stopwords’
    wordcloud: no visible global function definition for
     ‘TermDocumentMatrix’
Flavors: r-devel-linux-x86_64-debian-clang, r-devel-linux-x86_64-debian-gcc, r-devel-linux-x86_64-fedora-clang, r-devel-linux-x86_64-fedora-gcc, r-devel-osx-x86_64-clang, r-devel-windows-ix86+x86_64, r-patched-linux-x86_64, r-patched-solaris-sparc, r-patched-solaris-x86, r-release-linux-ix86, r-release-linux-x86_64, r-release-osx-x86_64-mavericks, r-release-windows-ix86+x86_64

Version: 2.5
Check: data for non-ASCII characters
Result: NOTE
     Note: found 2 marked UTF-8 strings
Flavors: r-devel-linux-x86_64-debian-clang, r-devel-linux-x86_64-debian-gcc, r-devel-linux-x86_64-fedora-clang, r-devel-linux-x86_64-fedora-gcc, r-devel-osx-x86_64-clang, r-devel-windows-ix86+x86_64, r-patched-linux-x86_64, r-patched-solaris-sparc, r-patched-solaris-x86, r-release-linux-ix86, r-release-linux-x86_64, r-release-osx-x86_64-mavericks, r-release-osx-x86_64-snowleopard, r-release-windows-ix86+x86_64, r-oldrel-windows-ix86+x86_64

Version: 2.5
Check: running examples for arch 'i386'
Result: ERROR
    Running examples in 'wordcloud-Ex.R' failed
    The error most likely occurred in:
    
    > ### Name: commonality.cloud
    > ### Title: Plot a commonality cloud
    > ### Aliases: commonality.cloud
    >
    > ### ** Examples
    >
    >
    > if(require(tm)){
    + data(SOTU)
    + corp <- SOTU
    + corp <- tm_map(corp, removePunctuation)
    + corp <- tm_map(corp, content_transformer(tolower))
    + corp <- tm_map(corp, removeNumbers)
    + corp <- tm_map(corp, function(x)removeWords(x,stopwords()))
    +
    + term.matrix <- TermDocumentMatrix(corp)
    + term.matrix <- as.matrix(term.matrix)
    + colnames(term.matrix) <- c("SOTU 2010","SOTU 2011")
    + comparison.cloud(term.matrix,max.words=40,random.order=FALSE)
    + commonality.cloud(term.matrix,max.words=40,random.order=FALSE)
    + }
    Loading required package: tm
    Error in UseMethod("removePunctuation", x) :
     no applicable method for 'removePunctuation' applied to an object of class "list"
    Calls: tm_map -> tm_map.VCorpus -> <Anonymous> -> lapply -> FUN
    Execution halted
Flavor: r-oldrel-windows-ix86+x86_64

Version: 2.5
Check: running examples for arch 'x64'
Result: ERROR
    Running examples in 'wordcloud-Ex.R' failed
    The error most likely occurred in:
    
    > ### Name: commonality.cloud
    > ### Title: Plot a commonality cloud
    > ### Aliases: commonality.cloud
    >
    > ### ** Examples
    >
    >
    > if(require(tm)){
    + data(SOTU)
    + corp <- SOTU
    + corp <- tm_map(corp, removePunctuation)
    + corp <- tm_map(corp, content_transformer(tolower))
    + corp <- tm_map(corp, removeNumbers)
    + corp <- tm_map(corp, function(x)removeWords(x,stopwords()))
    +
    + term.matrix <- TermDocumentMatrix(corp)
    + term.matrix <- as.matrix(term.matrix)
    + colnames(term.matrix) <- c("SOTU 2010","SOTU 2011")
    + comparison.cloud(term.matrix,max.words=40,random.order=FALSE)
    + commonality.cloud(term.matrix,max.words=40,random.order=FALSE)
    + }
    Loading required package: tm
    Error in UseMethod("removePunctuation", x) :
     no applicable method for 'removePunctuation' applied to an object of class "list"
    Calls: tm_map -> tm_map.VCorpus -> <Anonymous> -> lapply -> FUN
    Execution halted
Flavor: r-oldrel-windows-ix86+x86_64