CRAN Package Check Results for Package yaImpute

Last updated on 2015-02-05 23:50:41.

Flavor Version Tinstall Tcheck Ttotal Status Flags
r-devel-linux-x86_64-debian-clang 1.0-23 5.05 28.12 33.17 NOTE
r-devel-linux-x86_64-debian-gcc 1.0-23 5.18 27.02 32.19 NOTE
r-devel-linux-x86_64-fedora-clang 1.0-23 70.26 NOTE
r-devel-linux-x86_64-fedora-gcc 1.0-23 56.71 NOTE
r-devel-osx-x86_64-clang 1.0-23 70.35 NOTE
r-devel-windows-ix86+x86_64 1.0-23 47.00 53.00 100.00 NOTE
r-patched-linux-x86_64 1.0-23 5.27 29.03 34.30 OK
r-patched-solaris-sparc 1.0-23 405.30 OK
r-patched-solaris-x86 1.0-23 85.40 OK
r-release-linux-ix86 1.0-23 7.17 38.02 45.19 OK
r-release-linux-x86_64 1.0-23 5.46 29.43 34.89 OK
r-release-osx-x86_64-mavericks 1.0-23 OK
r-release-osx-x86_64-snowleopard 1.0-23 OK
r-release-windows-ix86+x86_64 1.0-23 42.00 60.00 102.00 OK
r-oldrel-windows-ix86+x86_64 1.0-23 45.00 65.00 110.00 OK

Check Details

Version: 1.0-23
Check: dependencies in R code
Result: NOTE
    'library' or 'require' calls in package code:
     ‘ccaPP’ ‘fastICA’ ‘gam’ ‘parallel’ ‘randomForest’ ‘vegan’
     Please use :: or requireNamespace() instead.
     See section 'Suggested packages' in the 'Writing R Extensions' manual.
Flavors: r-devel-linux-x86_64-debian-clang, r-devel-linux-x86_64-debian-gcc, r-devel-linux-x86_64-fedora-clang, r-devel-linux-x86_64-fedora-gcc, r-devel-osx-x86_64-clang, r-devel-windows-ix86+x86_64