Last updated on 2015-04-24 23:46:35.
Flavor | Version | Tinstall | Tcheck | Ttotal | Status | Flags |
---|---|---|---|---|---|---|
r-devel-linux-x86_64-debian-clang | 1.1 | 0.65 | 12.45 | 13.10 | NOTE | |
r-devel-linux-x86_64-debian-gcc | 1.1 | 0.64 | 12.25 | 12.89 | NOTE | |
r-devel-linux-x86_64-fedora-clang | 1.1 | 22.83 | NOTE | |||
r-devel-linux-x86_64-fedora-gcc | 1.1 | 20.84 | NOTE | |||
r-devel-osx-x86_64-clang | 1.1 | 30.37 | NOTE | |||
r-devel-windows-ix86+x86_64 | 1.1 | 3.00 | 18.00 | 21.00 | NOTE | |
r-patched-linux-x86_64 | 1.1 | 0.62 | 10.65 | 11.28 | NOTE | |
r-patched-solaris-sparc | 1.1 | 162.60 | NOTE | |||
r-patched-solaris-x86 | 1.1 | 32.10 | NOTE | |||
r-release-linux-x86_64 | 1.1 | 0.60 | 10.31 | 10.91 | NOTE | |
r-release-osx-x86_64-mavericks | 1.1 | NOTE | ||||
r-release-osx-x86_64-snowleopard | 1.1 | NOTE | ||||
r-release-windows-ix86+x86_64 | 1.1 | 4.00 | 17.00 | 21.00 | NOTE | |
r-oldrel-windows-ix86+x86_64 | 1.1 | 2.00 | 19.00 | 21.00 | NOTE |
Version: 1.1
Check: dependencies in R code
Result: NOTE
Package in Depends field not imported from: ‘MASS’
These packages need to be imported from (in the NAMESPACE file)
for when this namespace is loaded but not attached.
Flavors: r-devel-linux-x86_64-debian-gcc, r-devel-windows-ix86+x86_64, r-patched-linux-x86_64, r-release-windows-ix86+x86_64, r-oldrel-windows-ix86+x86_64
Version: 1.1
Check: R code for possible problems
Result: NOTE
fit_dist_gamma: no visible global function definition for ‘fitdistr’
fit_dist_norm: no visible global function definition for ‘fitdistr’
fit_dist_pois: no visible global function definition for ‘fitdistr’
Flavors: r-devel-linux-x86_64-debian-gcc, r-devel-windows-ix86+x86_64, r-patched-linux-x86_64, r-release-windows-ix86+x86_64, r-oldrel-windows-ix86+x86_64