Last updated on 2015-04-24 23:46:35.
Flavor | Version | Tinstall | Tcheck | Ttotal | Status | Flags |
---|---|---|---|---|---|---|
r-devel-linux-x86_64-debian-clang | 1.3 | 1.09 | 8.85 | 9.94 | NOTE | |
r-devel-linux-x86_64-debian-gcc | 1.3 | 1.00 | 9.75 | 10.75 | NOTE | |
r-devel-linux-x86_64-fedora-clang | 1.3 | 19.61 | NOTE | |||
r-devel-linux-x86_64-fedora-gcc | 1.3 | 17.21 | NOTE | |||
r-devel-osx-x86_64-clang | 1.3 | 22.66 | NOTE | |||
r-devel-windows-ix86+x86_64 | 1.3 | 6.00 | 19.00 | 25.00 | NOTE | |
r-patched-linux-x86_64 | 1.3 | 1.03 | 11.21 | 12.24 | NOTE | |
r-patched-solaris-sparc | 1.3 | 124.90 | NOTE | |||
r-patched-solaris-x86 | 1.3 | 27.40 | NOTE | |||
r-release-linux-x86_64 | 1.3 | 1.02 | 9.33 | 10.35 | NOTE | |
r-release-osx-x86_64-mavericks | 1.3 | NOTE | ||||
r-release-osx-x86_64-snowleopard | 1.3 | NOTE | ||||
r-release-windows-ix86+x86_64 | 1.3 | 5.00 | 17.00 | 22.00 | NOTE | |
r-oldrel-windows-ix86+x86_64 | 1.3 | 11.00 | 28.00 | 39.00 | OK |
Version: 1.3
Check: DESCRIPTION meta-information
Result: NOTE
Malformed Title field: should not end in a period.
Flavors: r-devel-linux-x86_64-debian-gcc, r-devel-windows-ix86+x86_64, r-patched-linux-x86_64, r-release-windows-ix86+x86_64