Last updated on 2015-04-24 23:46:35.
Flavor | Version | Tinstall | Tcheck | Ttotal | Status | Flags |
---|---|---|---|---|---|---|
r-devel-linux-x86_64-debian-clang | 2.0-3 | 4.98 | 113.90 | 118.89 | NOTE | |
r-devel-linux-x86_64-debian-gcc | 2.0-3 | 4.92 | 113.15 | 118.07 | NOTE | |
r-devel-linux-x86_64-fedora-clang | 2.0-3 | 235.43 | NOTE | |||
r-devel-linux-x86_64-fedora-gcc | 2.0-3 | 213.41 | NOTE | |||
r-devel-osx-x86_64-clang | 2.0-3 | 188.76 | NOTE | |||
r-devel-windows-ix86+x86_64 | 2.0-3 | 13.00 | 142.00 | 155.00 | OK | |
r-patched-linux-x86_64 | 2.0-3 | 7.06 | 116.08 | 123.14 | NOTE | |
r-patched-solaris-sparc | 2.0-3 | 1410.20 | OK | |||
r-patched-solaris-x86 | 2.0-3 | 259.50 | OK | |||
r-release-linux-x86_64 | 2.0-3 | 5.70 | 114.30 | 120.00 | NOTE | |
r-release-osx-x86_64-mavericks | 2.0-3 | NOTE | ||||
r-release-osx-x86_64-snowleopard | 2.0-3 | NOTE | ||||
r-release-windows-ix86+x86_64 | 2.0-3 | 11.00 | 151.00 | 162.00 | OK | |
r-oldrel-windows-ix86+x86_64 | 2.0-3 | 15.00 | 159.00 | 174.00 | OK |
Version: 2.0-3
Check: S3 generic/method consistency
Result: NOTE
Found the following apparent S3 methods exported but not registered:
AICc.mult AICc.unmarked aictab.clm aictab.clmm aictab.coxph
aictab.glm aictab.gls aictab.lm aictab.lme aictab.mer aictab.merMod
aictab.mult aictab.nlme aictab.nls aictab.polr aictab.rlm
aictab.unmarked dictab.bugs dictab.rjags modavg.clm modavg.clmm
modavg.coxph modavg.effect modavg.effect.glm modavg.effect.gls
modavg.effect.lme modavg.effect.mer modavg.effect.merMod
modavg.effect.rlm modavg.effect.unmarked modavg.glm modavg.gls
modavg.lme modavg.mer modavg.merMod modavg.mult modavg.polr
modavg.rlm modavg.shrink modavg.shrink.clm modavg.shrink.clmm
modavg.shrink.coxph modavg.shrink.glm modavg.shrink.gls
modavg.shrink.lme modavg.shrink.mer modavg.shrink.merMod
modavg.shrink.mult modavg.shrink.polr modavg.shrink.rlm
modavg.shrink.unmarked modavg.unmarked predictSE.zip
See section ‘Registering S3 methods’ in the ‘Writing R Extensions’
manual.
Flavors: r-devel-linux-x86_64-debian-gcc, r-patched-linux-x86_64