Last updated on 2015-04-24 23:46:35.
Flavor | Version | Tinstall | Tcheck | Ttotal | Status | Flags |
---|---|---|---|---|---|---|
r-devel-linux-x86_64-debian-clang | 1.4 | 7.63 | 11.75 | 19.38 | NOTE | |
r-devel-linux-x86_64-debian-gcc | 1.4 | 9.58 | 11.46 | 21.04 | NOTE | |
r-devel-linux-x86_64-fedora-clang | 1.4 | 42.26 | NOTE | |||
r-devel-linux-x86_64-fedora-gcc | 1.4 | 38.01 | NOTE | |||
r-devel-osx-x86_64-clang | 1.4 | 38.48 | NOTE | |||
r-devel-windows-ix86+x86_64 | 1.4 | 26.00 | 28.00 | 54.00 | NOTE | |
r-patched-linux-x86_64 | 1.4 | 8.10 | 11.95 | 20.06 | NOTE | |
r-patched-solaris-sparc | 1.4 | 254.70 | NOTE | |||
r-patched-solaris-x86 | 1.4 | 53.30 | NOTE | |||
r-release-linux-x86_64 | 1.4 | 10.53 | 11.79 | 22.32 | NOTE | |
r-release-osx-x86_64-mavericks | 1.4 | NOTE | ||||
r-release-osx-x86_64-snowleopard | 1.4 | NOTE | ||||
r-release-windows-ix86+x86_64 | 1.4 | 27.00 | 30.00 | 57.00 | NOTE | |
r-oldrel-windows-ix86+x86_64 | 1.4 | 20.00 | 34.00 | 54.00 | NOTE |
Version: 1.4
Check: dependencies in R code
Result: NOTE
'library' or 'require' calls in package code:
‘MASS’ ‘Matrix’
Please use :: or requireNamespace() instead.
See section 'Suggested packages' in the 'Writing R Extensions' manual.
Package in Depends field not imported from: ‘Rcpp’
These packages need to be imported from (in the NAMESPACE file)
for when this namespace is loaded but not attached.
Flavors: r-devel-linux-x86_64-debian-gcc, r-devel-windows-ix86+x86_64, r-patched-linux-x86_64, r-release-windows-ix86+x86_64, r-oldrel-windows-ix86+x86_64
Version: 1.4
Check: S3 generic/method consistency
Result: NOTE
Found the following apparent S3 methods exported but not registered:
asggm.default asggm.formula aslm.default aslm.formula logLik.aslm
nobs.aslm predict.aslm print.aslm print.summary.aslm summary.aslm
See section ‘Registering S3 methods’ in the ‘Writing R Extensions’
manual.
Flavors: r-devel-linux-x86_64-debian-gcc, r-patched-linux-x86_64
Version: 1.4
Check: R code for possible problems
Result: NOTE
rCSL: no visible global function definition for ‘ginv’
rCSL: no visible global function definition for ‘expand’
rCSL: no visible global function definition for ‘lu’
Flavors: r-devel-linux-x86_64-debian-gcc, r-devel-windows-ix86+x86_64, r-patched-linux-x86_64, r-release-windows-ix86+x86_64, r-oldrel-windows-ix86+x86_64