CRAN Package Check Results for Package BCEs0

Last updated on 2015-04-24 23:46:36.

Flavor Version Tinstall Tcheck Ttotal Status Flags
r-devel-linux-x86_64-debian-clang 1.1 0.54 11.09 11.63 NOTE
r-devel-linux-x86_64-debian-gcc 1.1 0.54 11.07 11.60 NOTE
r-devel-linux-x86_64-fedora-clang 1.1 21.92 NOTE
r-devel-linux-x86_64-fedora-gcc 1.1 20.91 NOTE
r-devel-osx-x86_64-clang 1.1 26.84 NOTE
r-devel-windows-ix86+x86_64 1.1 2.00 20.00 22.00 NOTE
r-patched-linux-x86_64 1.1 0.52 11.05 11.57 NOTE
r-patched-solaris-sparc 1.1 168.30 NOTE
r-patched-solaris-x86 1.1 35.20 NOTE
r-release-linux-x86_64 1.1 0.53 10.98 11.51 NOTE
r-release-osx-x86_64-mavericks 1.1 NOTE
r-release-osx-x86_64-snowleopard 1.1 NOTE
r-release-windows-ix86+x86_64 1.1 2.00 18.00 20.00 NOTE
r-oldrel-windows-ix86+x86_64 1.1 2.00 24.00 26.00 NOTE

Check Details

Version: 1.1
Check: dependencies in R code
Result: NOTE
    'library' or 'require' call to ‘R2jags’ in package code.
     Please use :: or requireNamespace() instead.
     See section 'Suggested packages' in the 'Writing R Extensions' manual.
Flavors: r-devel-linux-x86_64-debian-gcc, r-devel-windows-ix86+x86_64, r-patched-linux-x86_64, r-release-windows-ix86+x86_64, r-oldrel-windows-ix86+x86_64

Version: 1.1
Check: S3 generic/method consistency
Result: NOTE
    Found the following apparent S3 methods exported but not registered:
     bces0.default plot.bces0 print.bces0
    See section ‘Registering S3 methods’ in the ‘Writing R Extensions’
    manual.
Flavors: r-devel-linux-x86_64-debian-gcc, r-patched-linux-x86_64

Version: 1.1
Check: R code for possible problems
Result: NOTE
    bces0.default: no visible global function definition for ‘jags’
Flavors: r-devel-linux-x86_64-debian-gcc, r-devel-windows-ix86+x86_64, r-patched-linux-x86_64, r-release-windows-ix86+x86_64, r-oldrel-windows-ix86+x86_64