Last updated on 2015-04-24 23:46:36.
Flavor | Version | Tinstall | Tcheck | Ttotal | Status | Flags |
---|---|---|---|---|---|---|
r-devel-linux-x86_64-debian-clang | 1.2-6 | 27.40 | 81.15 | 108.55 | NOTE | |
r-devel-linux-x86_64-debian-gcc | 1.2-6 | 34.55 | 80.06 | 114.61 | NOTE | |
r-devel-linux-x86_64-fedora-clang | 1.2-6 | 243.29 | NOTE | |||
r-devel-linux-x86_64-fedora-gcc | 1.2-6 | 260.13 | NOTE | |||
r-devel-osx-x86_64-clang | 1.2-6 | 180.13 | OK | |||
r-devel-windows-ix86+x86_64 | 1.2-6 | 60.00 | 177.00 | 237.00 | OK | |
r-patched-linux-x86_64 | 1.2-6 | 34.59 | 80.52 | 115.10 | NOTE | |
r-patched-solaris-sparc | 1.2-6 | 1596.50 | NOTE | |||
r-patched-solaris-x86 | 1.2-6 | 334.50 | NOTE | |||
r-release-linux-x86_64 | 1.2-6 | 34.62 | 80.76 | 115.38 | NOTE | |
r-release-osx-x86_64-mavericks | 1.2-6 | NOTE | ||||
r-release-osx-x86_64-snowleopard | 1.2-6 | ERROR | ||||
r-release-windows-ix86+x86_64 | 1.2-6 | 60.00 | 182.00 | 242.00 | OK | |
r-oldrel-windows-ix86+x86_64 | 1.2-6 | 83.00 | 409.00 | 492.00 | OK |
Version: 1.2-6
Check: installed package size
Result: NOTE
installed size is 7.9Mb
sub-directories of 1Mb or more:
data 1.3Mb
libs 6.4Mb
Flavors: r-devel-linux-x86_64-debian-gcc, r-patched-linux-x86_64