Last updated on 2015-04-24 23:46:36.
Flavor | Version | Tinstall | Tcheck | Ttotal | Status | Flags |
---|---|---|---|---|---|---|
r-devel-linux-x86_64-debian-clang | 0.24 | 1.05 | 25.05 | 26.10 | NOTE | |
r-devel-linux-x86_64-debian-gcc | 0.24 | 1.52 | 23.26 | 24.78 | NOTE | |
r-devel-linux-x86_64-fedora-clang | 0.24 | 48.53 | NOTE | |||
r-devel-linux-x86_64-fedora-gcc | 0.24 | 45.39 | NOTE | |||
r-devel-osx-x86_64-clang | 0.24 | 45.64 | NOTE | |||
r-devel-windows-ix86+x86_64 | 0.24 | 3.00 | 41.00 | 44.00 | OK | |
r-patched-linux-x86_64 | 0.24 | 1.50 | 24.32 | 25.82 | NOTE | |
r-patched-solaris-sparc | 0.24 | 314.40 | OK | |||
r-patched-solaris-x86 | 0.24 | 56.80 | OK | |||
r-release-linux-x86_64 | 0.24 | 1.02 | 22.88 | 23.90 | NOTE | |
r-release-osx-x86_64-mavericks | 0.24 | OK | ||||
r-release-osx-x86_64-snowleopard | 0.24 | OK | ||||
r-release-windows-ix86+x86_64 | 0.24 | 3.00 | 36.00 | 39.00 | OK | |
r-oldrel-windows-ix86+x86_64 | 0.24 | 6.00 | 56.00 | 62.00 | OK |
Version: 0.24
Check: S3 generic/method consistency
Result: NOTE
Found the following apparent S3 methods exported but not registered:
print.profit.opt print.revenue.opt summary.profit.opt
summary.revenue.opt
See section ‘Registering S3 methods’ in the ‘Writing R Extensions’
manual.
Flavors: r-devel-linux-x86_64-debian-gcc, r-patched-linux-x86_64