Last updated on 2015-04-24 23:46:36.
Flavor | Version | Tinstall | Tcheck | Ttotal | Status | Flags |
---|---|---|---|---|---|---|
r-devel-linux-x86_64-debian-clang | 2.0 | 3.10 | 32.12 | 35.23 | NOTE | |
r-devel-linux-x86_64-debian-gcc | 2.0 | 2.60 | 32.09 | 34.69 | NOTE | |
r-devel-linux-x86_64-fedora-clang | 2.0 | 75.23 | NOTE | |||
r-devel-linux-x86_64-fedora-gcc | 2.0 | 69.98 | NOTE | |||
r-devel-osx-x86_64-clang | 2.0 | 62.42 | NOTE | |||
r-devel-windows-ix86+x86_64 | 2.0 | 8.00 | 45.00 | 53.00 | NOTE | |
r-patched-linux-x86_64 | 2.0 | 2.58 | 32.22 | 34.79 | NOTE | |
r-patched-solaris-sparc | 2.0 | 420.40 | NOTE | |||
r-patched-solaris-x86 | 2.0 | 94.70 | NOTE | |||
r-release-linux-x86_64 | 2.0 | 2.74 | 32.12 | 34.85 | NOTE | |
r-release-osx-x86_64-mavericks | 2.0 | NOTE | ||||
r-release-osx-x86_64-snowleopard | 2.0 | NOTE | ||||
r-release-windows-ix86+x86_64 | 2.0 | 7.00 | 49.00 | 56.00 | NOTE | |
r-oldrel-windows-ix86+x86_64 | 2.0 | 9.00 | 53.00 | 62.00 | OK |
Version: 2.0
Check: DESCRIPTION meta-information
Result: NOTE
Malformed Title field: should not end in a period.
Flavors: r-devel-linux-x86_64-debian-gcc, r-devel-windows-ix86+x86_64, r-patched-linux-x86_64, r-release-windows-ix86+x86_64