CRAN Package Check Results for Package acopula

Last updated on 2015-04-24 23:46:35.

Flavor Version Tinstall Tcheck Ttotal Status Flags
r-devel-linux-x86_64-debian-clang 0.9.2 0.69 24.06 24.75 NOTE
r-devel-linux-x86_64-debian-gcc 0.9.2 0.71 23.28 23.99 NOTE
r-devel-linux-x86_64-fedora-clang 0.9.2 49.94 NOTE
r-devel-linux-x86_64-fedora-gcc 0.9.2 46.66 NOTE
r-devel-osx-x86_64-clang 0.9.2 44.97 NOTE
r-devel-windows-ix86+x86_64 0.9.2 2.00 39.00 41.00 NOTE
r-patched-linux-x86_64 0.9.2 0.69 23.89 24.58 NOTE
r-patched-solaris-sparc 0.9.2 306.60 NOTE
r-patched-solaris-x86 0.9.2 55.20 NOTE
r-release-linux-x86_64 0.9.2 0.64 23.21 23.85 NOTE
r-release-osx-x86_64-mavericks 0.9.2 NOTE
r-release-osx-x86_64-snowleopard 0.9.2 NOTE
r-release-windows-ix86+x86_64 0.9.2 2.00 41.00 43.00 NOTE
r-oldrel-windows-ix86+x86_64 0.9.2 4.00 36.00 40.00 NOTE

Check Details

Version: 0.9.2
Check: DESCRIPTION meta-information
Result: NOTE
    Malformed Title field: should not end in a period.
Flavors: r-devel-linux-x86_64-debian-gcc, r-devel-windows-ix86+x86_64, r-patched-linux-x86_64, r-release-windows-ix86+x86_64

Version: 0.9.2
Check: top-level files
Result: NOTE
    Non-standard file/directory found at top level:
     ‘acopula-Ex.R’
Flavors: r-devel-linux-x86_64-debian-gcc, r-patched-linux-x86_64

Version: 0.9.2
Check: dependencies in R code
Result: NOTE
    'library' or 'require' call to ‘mvtnorm’ in package code.
     Please use :: or requireNamespace() instead.
     See section 'Suggested packages' in the 'Writing R Extensions' manual.
Flavors: r-devel-linux-x86_64-debian-gcc, r-devel-windows-ix86+x86_64, r-patched-linux-x86_64, r-release-windows-ix86+x86_64, r-oldrel-windows-ix86+x86_64

Version: 0.9.2
Check: S3 generic/method consistency
Result: NOTE
    Found the following apparent S3 methods exported but not registered:
     print.eCopulaArchimax print.eCopulaGeneric print.gCopula
     print.isCopula
    See section ‘Registering S3 methods’ in the ‘Writing R Extensions’
    manual.
Flavors: r-devel-linux-x86_64-debian-gcc, r-patched-linux-x86_64

Version: 0.9.2
Check: R code for possible problems
Result: NOTE
    copNormal : pcopula: no visible global function definition for
     ‘pmvnorm’
    copNormal : rcopula: no visible global function definition for
     ‘rmvnorm’
Flavors: r-devel-linux-x86_64-debian-gcc, r-devel-windows-ix86+x86_64, r-patched-linux-x86_64, r-release-windows-ix86+x86_64, r-oldrel-windows-ix86+x86_64