CRAN Package Check Results for Package acss.data

Last updated on 2015-04-24 23:46:35.

Flavor Version Tinstall Tcheck Ttotal Status Flags
r-devel-linux-x86_64-debian-clang 1.0 134.86 72.86 207.73 NOTE
r-devel-linux-x86_64-debian-gcc 1.0 135.18 70.64 205.82 NOTE
r-devel-linux-x86_64-fedora-clang 1.0 444.11 NOTE
r-devel-linux-x86_64-fedora-gcc 1.0 466.25 NOTE
r-devel-osx-x86_64-clang 1.0 346.25 NOTE
r-devel-windows-ix86+x86_64 1.0 244.00 134.00 378.00 NOTE
r-patched-linux-x86_64 1.0 134.44 71.65 206.10 NOTE
r-patched-solaris-sparc 1.0 2841.30 NOTE
r-patched-solaris-x86 1.0 823.80 NOTE
r-release-linux-x86_64 1.0 134.25 69.96 204.22 NOTE
r-release-osx-x86_64-mavericks 1.0 WARN
r-release-osx-x86_64-snowleopard 1.0 NOTE
r-release-windows-ix86+x86_64 1.0 219.00 131.00 350.00 NOTE
r-oldrel-windows-ix86+x86_64 1.0 268.00 111.00 379.00 NOTE

Check Details

Version: 1.0
Check: installed package size
Result: NOTE
     installed size is 13.7Mb
     sub-directories of 1Mb or more:
     R 13.6Mb
Flavors: r-devel-linux-x86_64-debian-gcc, r-devel-windows-ix86+x86_64, r-patched-linux-x86_64, r-release-windows-ix86+x86_64, r-oldrel-windows-ix86+x86_64