CRAN Package Check Results for Package amei

Last updated on 2015-04-24 23:46:35.

Flavor Version Tinstall Tcheck Ttotal Status Flags
r-devel-linux-x86_64-debian-clang 1.0-7 1.69 686.91 688.60 NOTE
r-devel-linux-x86_64-debian-gcc 1.0-7 1.88 690.12 692.00 NOTE
r-devel-linux-x86_64-fedora-clang 1.0-7 718.41 NOTE --no-build-vignettes
r-devel-linux-x86_64-fedora-gcc 1.0-7 699.34 NOTE --no-build-vignettes
r-devel-osx-x86_64-clang 1.0-7 558.23 NOTE --no-build-vignettes
r-devel-windows-ix86+x86_64 1.0-7 8.00 43.00 51.00 OK --no-vignettes
r-patched-linux-x86_64 1.0-7 1.72 655.48 657.20 NOTE
r-patched-solaris-sparc 1.0-7 280.10 OK --no-vignettes
r-patched-solaris-x86 1.0-7 740.50 OK --no-build-vignettes
r-release-linux-x86_64 1.0-7 1.86 711.38 713.25 NOTE
r-release-osx-x86_64-mavericks 1.0-7 NOTE
r-release-osx-x86_64-snowleopard 1.0-7 NOTE
r-release-windows-ix86+x86_64 1.0-7 8.00 52.00 60.00 OK --no-vignettes
r-oldrel-windows-ix86+x86_64 1.0-7 13.00 49.00 62.00 OK --no-vignettes

Memtest notes: valgrind

Check Details

Version: 1.0-7
Check: S3 generic/method consistency
Result: NOTE
    Found the following apparent S3 methods exported but not registered:
     plot.MCepi plot.epiman plot.optvac print.MCepi print.epiman
     print.optvac print.summary.MCepi print.summary.epiman
     print.summary.optvac summary.MCepi summary.epiman summary.optvac
    See section ‘Registering S3 methods’ in the ‘Writing R Extensions’
    manual.
Flavors: r-devel-linux-x86_64-debian-gcc, r-patched-linux-x86_64