Last updated on 2015-04-24 23:46:35.
Flavor | Version | Tinstall | Tcheck | Ttotal | Status | Flags |
---|---|---|---|---|---|---|
r-devel-linux-x86_64-debian-clang | 1.0.0 | 0.80 | 11.98 | 12.79 | NOTE | |
r-devel-linux-x86_64-debian-gcc | 1.0.0 | 1.07 | 12.01 | 13.08 | NOTE | |
r-devel-linux-x86_64-fedora-clang | 1.0.0 | 25.60 | NOTE | |||
r-devel-linux-x86_64-fedora-gcc | 1.0.0 | 25.93 | NOTE | |||
r-devel-osx-x86_64-clang | 1.0.0 | 27.80 | NOTE | |||
r-devel-windows-ix86+x86_64 | 1.0.0 | 3.00 | 20.00 | 23.00 | NOTE | |
r-patched-linux-x86_64 | 1.0.0 | 0.79 | 12.28 | 13.07 | NOTE | |
r-patched-solaris-sparc | 1.0.0 | 155.30 | NOTE | |||
r-patched-solaris-x86 | 1.0.0 | 36.90 | NOTE | |||
r-release-linux-x86_64 | 1.0.0 | 0.78 | 11.78 | 12.56 | NOTE | |
r-release-osx-x86_64-mavericks | 1.0.0 | NOTE | ||||
r-release-osx-x86_64-snowleopard | 1.0.0 | ERROR | ||||
r-release-windows-ix86+x86_64 | 1.0.0 | 3.00 | 22.00 | 25.00 | NOTE | |
r-oldrel-windows-ix86+x86_64 | 1.0.0 | 3.00 | 25.00 | 28.00 | OK |
Version: 1.0.0
Check: DESCRIPTION meta-information
Result: NOTE
Malformed Title field: should not end in a period.
Flavors: r-devel-linux-x86_64-debian-gcc, r-devel-windows-ix86+x86_64, r-patched-linux-x86_64, r-release-windows-ix86+x86_64